Last updated on 2025-05-13 01:51:03 CEST.
Flavor | Version | Tinstall | Tcheck | Ttotal | Status | Flags |
---|---|---|---|---|---|---|
r-devel-linux-x86_64-debian-clang | 1.1.3.7 | 4.34 | 37.54 | 41.88 | OK | |
r-devel-linux-x86_64-debian-gcc | 1.1.3.7 | 3.35 | 28.33 | 31.68 | OK | |
r-devel-linux-x86_64-fedora-clang | 1.1.3.7 | 62.93 | NOTE | |||
r-devel-linux-x86_64-fedora-gcc | 1.1.3.7 | 61.26 | NOTE | |||
r-devel-windows-x86_64 | 1.1.3.7 | 9.00 | 57.00 | 66.00 | OK | |
r-patched-linux-x86_64 | 1.1.3.7 | 4.70 | 35.81 | 40.51 | OK | |
r-release-linux-x86_64 | 1.1.3.7 | 4.42 | 35.41 | 39.83 | OK | |
r-release-macos-arm64 | 1.1.3.7 | 30.00 | OK | |||
r-release-macos-x86_64 | 1.1.3.7 | 47.00 | OK | |||
r-release-windows-x86_64 | 1.1.3.7 | 9.00 | 57.00 | 66.00 | OK | |
r-oldrel-macos-arm64 | 1.1.3.7 | 23.00 | NOTE | |||
r-oldrel-macos-x86_64 | 1.1.3.7 | 35.00 | NOTE | |||
r-oldrel-windows-x86_64 | 1.1.3.7 | 10.00 | 65.00 | 75.00 | NOTE |
Version: 1.1.3.7
Check: dependencies in R code
Result: NOTE
Namespace in Imports field not imported from: ‘grDevices’
All declared Imports should be used.
Flavors: r-devel-linux-x86_64-fedora-clang, r-devel-linux-x86_64-fedora-gcc
Version: 1.1.3.7
Check: LazyData
Result: NOTE
'LazyData' is specified without a 'data' directory
Flavors: r-oldrel-macos-arm64, r-oldrel-macos-x86_64, r-oldrel-windows-x86_64