Last updated on 2024-08-16 01:48:18 CEST.
Flavor | Version | Tinstall | Tcheck | Ttotal | Status | Flags |
---|---|---|---|---|---|---|
r-devel-linux-x86_64-debian-clang | 2.1-12 | 21.44 | 179.21 | 200.65 | NOTE | |
r-devel-linux-x86_64-debian-gcc | 2.1-12 | 13.25 | 115.66 | 128.91 | NOTE | |
r-devel-linux-x86_64-fedora-clang | 2.1-12 | 319.85 | OK | |||
r-devel-linux-x86_64-fedora-gcc | 2.1-12 | 303.07 | OK | |||
r-devel-windows-x86_64 | 2.1-12 | 21.00 | 170.00 | 191.00 | NOTE | |
r-patched-linux-x86_64 | 2.1-12 | 26.65 | 166.37 | 193.02 | OK | |
r-release-linux-x86_64 | 2.1-12 | 18.20 | 167.09 | 185.29 | OK | |
r-release-macos-arm64 | 2.1-12 | 78.00 | OK | |||
r-release-macos-x86_64 | 2.1-12 | 165.00 | OK | |||
r-release-windows-x86_64 | 2.1-12 | 24.00 | 174.00 | 198.00 | OK | |
r-oldrel-macos-arm64 | 2.1-12 | 78.00 | OK | |||
r-oldrel-macos-x86_64 | 2.1-12 | 195.00 | OK | |||
r-oldrel-windows-x86_64 | 2.1-12 | 29.00 | 216.00 | 245.00 | OK |
Version: 2.1-12
Check: Rd cross-references
Result: NOTE
Found the following Rd file(s) with Rd \link{} targets missing package
anchors:
family_pdf.Rd: gamlss
fitted_cdf.Rd: gamlss
fitted_devianceIncr.Rd: gamlss
model_pca.Rd: gamlss
resid_plot.Rd: gamlss, plot.gamlss
Please provide package anchors for all Rd \link{} targets not in the
package itself and the base packages.
Flavors: r-devel-linux-x86_64-debian-clang, r-devel-linux-x86_64-debian-gcc, r-devel-windows-x86_64