Last updated on 2024-08-16 01:48:18 CEST.
Flavor | Version | Tinstall | Tcheck | Ttotal | Status | Flags |
---|---|---|---|---|---|---|
r-devel-linux-x86_64-debian-clang | 1.0.5 | 7.83 | 109.34 | 117.17 | OK | |
r-devel-linux-x86_64-debian-gcc | 1.0.5 | 6.32 | 75.77 | 82.09 | OK | |
r-devel-linux-x86_64-fedora-clang | 1.0.5 | 190.41 | NOTE | |||
r-devel-linux-x86_64-fedora-gcc | 1.0.5 | 194.87 | OK | |||
r-devel-windows-x86_64 | 1.0.5 | 13.00 | 166.00 | 179.00 | OK | |
r-patched-linux-x86_64 | 1.0.5 | 9.30 | 102.37 | 111.67 | OK | |
r-release-linux-x86_64 | 1.0.5 | 8.33 | 102.93 | 111.26 | OK | |
r-release-macos-arm64 | 1.0.5 | 67.00 | OK | |||
r-release-macos-x86_64 | 1.0.5 | 90.00 | OK | |||
r-release-windows-x86_64 | 1.0.5 | 13.00 | 182.00 | 195.00 | OK | |
r-oldrel-macos-arm64 | 1.0.5 | 64.00 | OK | |||
r-oldrel-macos-x86_64 | 1.0.5 | 150.00 | OK | |||
r-oldrel-windows-x86_64 | 1.0.5 | 15.00 | 193.00 | 208.00 | OK |
Version: 1.0.5
Check: Rd cross-references
Result: NOTE
Undeclared package ‘hyperSpec’ in Rd xrefs
Flavor: r-devel-linux-x86_64-fedora-clang