Last updated on 2025-11-12 02:52:57 CET.
| Flavor | Version | Tinstall | Tcheck | Ttotal | Status | Flags |
|---|---|---|---|---|---|---|
| r-devel-linux-x86_64-debian-clang | 1.1.8 | 33.03 | 44.85 | 77.88 | NOTE | |
| r-devel-linux-x86_64-debian-gcc | 1.1.8 | 23.06 | 32.98 | 56.04 | NOTE | |
| r-devel-linux-x86_64-fedora-clang | 1.1.8 | 138.00 | 8.73 | 146.73 | OK | |
| r-devel-linux-x86_64-fedora-gcc | 1.1.8 | 43.00 | 79.86 | 122.86 | OK | |
| r-devel-windows-x86_64 | 1.1.8 | 41.00 | 78.00 | 119.00 | OK | |
| r-patched-linux-x86_64 | 1.1.8 | 35.83 | 43.68 | 79.51 | OK | |
| r-release-linux-x86_64 | 1.1.8 | 32.22 | 42.72 | 74.94 | OK | |
| r-release-macos-arm64 | 1.1.8 | 13.00 | 23.00 | 36.00 | OK | |
| r-release-macos-x86_64 | 1.1.8 | 20.00 | 45.00 | 65.00 | OK | |
| r-release-windows-x86_64 | 1.1.8 | 42.00 | 79.00 | 121.00 | OK | |
| r-oldrel-macos-arm64 | 1.1.8 | 14.00 | 22.00 | 36.00 | OK | |
| r-oldrel-macos-x86_64 | 1.1.8 | 14.00 | 30.00 | 44.00 | OK | |
| r-oldrel-windows-x86_64 | 1.1.8 | 50.00 | 93.00 | 143.00 | OK |
Version: 1.1.8
Check: CRAN incoming feasibility
Result: NOTE
Maintainer: ‘Zifei Han <hanzifei1@gmail.com>’
No Authors@R field in DESCRIPTION.
Please add one, modifying
Authors@R: person(given = "Zifei",
family = "Han",
role = c("aut", "cre"),
email = "hanzifei1@gmail.com")
as necessary.
Flavors: r-devel-linux-x86_64-debian-clang, r-devel-linux-x86_64-debian-gcc