Last updated on 2025-11-13 02:52:19 CET.
| Flavor | Version | Tinstall | Tcheck | Ttotal | Status | Flags |
|---|---|---|---|---|---|---|
| r-devel-linux-x86_64-debian-clang | 2.2.1 | 159.20 | 204.46 | 363.66 | OK | |
| r-devel-linux-x86_64-debian-gcc | 2.2.1 | 127.07 | 131.73 | 258.80 | OK | |
| r-devel-linux-x86_64-fedora-clang | 2.2.1 | 600.00 | 174.30 | 774.30 | OK | |
| r-devel-linux-x86_64-fedora-gcc | 2.2.1 | 290.00 | 354.80 | 644.80 | OK | |
| r-devel-windows-x86_64 | 2.2.1 | 207.00 | 772.00 | 979.00 | OK | |
| r-patched-linux-x86_64 | 2.2.1 | 181.98 | 192.08 | 374.06 | OK | |
| r-release-linux-x86_64 | 2.2.1 | 181.54 | 191.64 | 373.18 | OK | |
| r-release-macos-arm64 | 2.2.1 | 73.00 | 83.00 | 156.00 | OK | |
| r-release-macos-x86_64 | 2.2.1 | 81.00 | 167.00 | 248.00 | OK | |
| r-release-windows-x86_64 | 2.2.1 | 200.00 | 761.00 | 961.00 | OK | |
| r-oldrel-macos-arm64 | 2.2.1 | 68.00 | 80.00 | 148.00 | NOTE | |
| r-oldrel-macos-x86_64 | 2.2.1 | 85.00 | 195.00 | 280.00 | NOTE | |
| r-oldrel-windows-x86_64 | 2.2.1 | 239.00 | 1010.00 | 1249.00 | NOTE |
Version: 2.2.1
Check: installed package size
Result: NOTE
installed size is 77.8Mb
sub-directories of 1Mb or more:
extdata 2.0Mb
libs 73.8Mb
Flavors: r-oldrel-macos-arm64, r-oldrel-macos-x86_64, r-oldrel-windows-x86_64