Last updated on 2025-07-24 02:52:13 CEST.
Flavor | Version | Tinstall | Tcheck | Ttotal | Status | Flags |
---|---|---|---|---|---|---|
r-devel-linux-x86_64-debian-clang | 0.4.2 | 26.34 | 35.29 | 61.63 | OK | |
r-devel-linux-x86_64-debian-gcc | 0.4.2 | 19.64 | 28.63 | 48.27 | OK | |
r-devel-linux-x86_64-fedora-clang | 0.4.2 | 125.29 | OK | |||
r-devel-linux-x86_64-fedora-gcc | 0.4.2 | 104.82 | NOTE | |||
r-devel-windows-x86_64 | 0.4.2 | 45.00 | 115.00 | 160.00 | OK | |
r-patched-linux-x86_64 | 0.4.2 | 28.20 | 33.39 | 61.59 | OK | |
r-release-linux-x86_64 | 0.4.2 | 28.68 | 33.51 | 62.19 | OK | |
r-release-macos-arm64 | 0.4.2 | 70.00 | OK | |||
r-release-macos-x86_64 | 0.4.2 | 84.00 | OK | |||
r-release-windows-x86_64 | 0.4.2 | 46.00 | 110.00 | 156.00 | OK | |
r-oldrel-macos-arm64 | 0.4.2 | 53.00 | OK | |||
r-oldrel-macos-x86_64 | 0.4.2 | 70.00 | OK | |||
r-oldrel-windows-x86_64 | 0.4.2 | 53.00 | 132.00 | 185.00 | NOTE |
Version: 0.4.2
Check: top-level files
Result: NOTE
Non-standard file/directory found at top level:
‘configure.log’
Flavor: r-devel-linux-x86_64-fedora-gcc
Version: 0.4.2
Check: compilation flags in Makevars
Result: NOTE
Package has both ‘src/Makevars.in’ and ‘src/Makevars’.
Installation with --no-configure' is unlikely to work. If you intended
‘src/Makevars’ to be used on Windows, rename it to ‘src/Makevars.win’
otherwise remove it. If ‘configure’ created ‘src/Makevars’, you need a
‘cleanup’ script.
Flavor: r-devel-linux-x86_64-fedora-gcc
Version: 0.4.2
Check: installed package size
Result: NOTE
installed size is 6.9Mb
sub-directories of 1Mb or more:
libs 6.7Mb
Flavor: r-oldrel-windows-x86_64