Last updated on 2024-08-16 01:48:19 CEST.
Flavor | Version | Tinstall | Tcheck | Ttotal | Status | Flags |
---|---|---|---|---|---|---|
r-devel-linux-x86_64-debian-clang | 1.5.11 | 48.48 | 332.27 | 380.75 | NOTE | |
r-devel-linux-x86_64-debian-gcc | 1.5.11 | 33.78 | 215.43 | 249.21 | NOTE | |
r-devel-linux-x86_64-fedora-clang | 1.5.11 | 620.92 | NOTE | |||
r-devel-linux-x86_64-fedora-gcc | 1.5.11 | 620.42 | OK | |||
r-devel-windows-x86_64 | 1.5.11 | 50.00 | 286.00 | 336.00 | NOTE | |
r-patched-linux-x86_64 | 1.5.11 | 52.92 | 310.81 | 363.73 | OK | |
r-release-linux-x86_64 | 1.5.11 | 50.81 | 314.42 | 365.23 | OK | |
r-release-macos-arm64 | 1.5.11 | 143.00 | NOTE | |||
r-release-macos-x86_64 | 1.5.11 | 259.00 | NOTE | |||
r-release-windows-x86_64 | 1.5.11 | 51.00 | 423.00 | 474.00 | NOTE | |
r-oldrel-macos-arm64 | 1.5.11 | 152.00 | NOTE | |||
r-oldrel-macos-x86_64 | 1.5.11 | 581.00 | NOTE | |||
r-oldrel-windows-x86_64 | 1.5.11 | 67.00 | 383.00 | 450.00 | NOTE |
Version: 1.5.11
Check: Rd cross-references
Result: NOTE
Found the following Rd file(s) with Rd \link{} targets missing package
anchors:
plot_raster_single.Rd: raster
Please provide package anchors for all Rd \link{} targets not in the
package itself and the base packages.
Flavors: r-devel-linux-x86_64-debian-clang, r-devel-linux-x86_64-debian-gcc, r-devel-windows-x86_64
Version: 1.5.11
Check: installed package size
Result: NOTE
installed size is 5.7Mb
sub-directories of 1Mb or more:
doc 1.5Mb
extdata 3.5Mb
Flavors: r-devel-linux-x86_64-fedora-clang, r-devel-windows-x86_64, r-release-macos-arm64, r-release-macos-x86_64, r-release-windows-x86_64, r-oldrel-macos-arm64, r-oldrel-macos-x86_64, r-oldrel-windows-x86_64