CRAN Package Check Results for Package geocausal

Last updated on 2025-10-21 01:48:32 CEST.

Flavor Version Tinstall Tcheck Ttotal Status Flags
r-devel-linux-x86_64-debian-clang 0.3.4 14.71 116.39 131.10 OK
r-devel-linux-x86_64-debian-gcc 0.3.4 9.27 80.55 89.82 NOTE
r-devel-linux-x86_64-fedora-clang 0.3.4 201.61 OK
r-devel-linux-x86_64-fedora-gcc 0.3.4 180.87 OK
r-devel-windows-x86_64 0.3.4 15.00 111.00 126.00 OK
r-patched-linux-x86_64 0.3.4 14.49 106.38 120.87 OK
r-release-linux-x86_64 0.3.4 13.30 105.85 119.15 OK
r-release-macos-arm64 0.3.4 50.00 OK
r-release-macos-x86_64 0.3.4 85.00 OK
r-release-windows-x86_64 0.3.4 15.00 114.00 129.00 OK
r-oldrel-macos-arm64 0.3.4 43.00 OK
r-oldrel-macos-x86_64 0.3.4 80.00 OK
r-oldrel-windows-x86_64 0.3.4 21.00 148.00 169.00 OK

Check Details

Version: 0.3.4
Check: HTML version of manual
Result: NOTE Found the following HTML validation problems: plot.cate.html:94:1 (plot.cate.Rd:41): Warning: missing </ul> before </div> plot.distlist.html:75:1 (plot.distlist.Rd:28): Warning: missing </ul> before </div> plot.est.html:59:1 (plot.est.Rd:16): Warning: missing </ul> before </div> plot.hyperframe.html:97:1 (plot.hyperframe.Rd:42): Warning: missing </ul> before </div> plot.im.html:84:1 (plot.im.Rd:33): Warning: missing </ul> before </div> plot.imlist.html:99:1 (plot.imlist.Rd:42): Warning: missing </ul> before </div> plot.list.html:106:1 (plot.list.Rd:47): Warning: missing </ul> before </div> plot.obs.html:68:1 (plot.obs.Rd:21): Warning: missing </ul> before </div> plot.ppplist.html:65:1 (plot.ppplist.Rd:20): Warning: missing </ul> before </div> plot.weights.html:62:1 (plot.weights.Rd:19): Warning: missing </ul> before </div> Flavor: r-devel-linux-x86_64-debian-gcc