Last updated on 2025-11-16 01:49:17 CET.
| Flavor | Version | Tinstall | Tcheck | Ttotal | Status | Flags |
|---|---|---|---|---|---|---|
| r-devel-linux-x86_64-debian-clang | 0.3-23 | 23.93 | 230.68 | 254.61 | OK | |
| r-devel-linux-x86_64-debian-gcc | 0.3-23 | 15.87 | 173.40 | 189.27 | OK | |
| r-devel-linux-x86_64-fedora-clang | 0.3-23 | 202.00 | 192.99 | 394.99 | ERROR | |
| r-devel-linux-x86_64-fedora-gcc | 0.3-23 | 62.00 | 5655.97 | 5717.97 | ERROR | |
| r-devel-windows-x86_64 | 0.3-23 | 29.00 | 220.00 | 249.00 | OK | |
| r-patched-linux-x86_64 | 0.3-23 | 25.47 | 224.74 | 250.21 | OK | |
| r-release-linux-x86_64 | 0.3-23 | 26.76 | 223.89 | 250.65 | OK | |
| r-release-macos-arm64 | 0.3-23 | 11.00 | 127.00 | 138.00 | OK | |
| r-release-macos-x86_64 | 0.3-23 | 25.00 | 261.00 | 286.00 | OK | |
| r-release-windows-x86_64 | 0.3-23 | 25.00 | 215.00 | 240.00 | OK | |
| r-oldrel-macos-arm64 | 0.3-23 | 11.00 | 133.00 | 144.00 | OK | |
| r-oldrel-macos-x86_64 | 0.3-23 | 23.00 | 229.00 | 252.00 | OK | |
| r-oldrel-windows-x86_64 | 0.3-23 | 35.00 | 271.00 | 306.00 | OK |
Version: 0.3-23
Check: re-building of vignette outputs
Result: ERROR
Error(s) in re-building vignettes:
--- re-building ‘georob_vignette.Rnw’ using Sweave
Loading required package: sp
Attaching package: ‘georob’
The following object is masked from ‘package:stats’:
step
OMP: Warning #96: Cannot form a team with 24 threads, using 2 instead.
OMP: Hint Consider unsetting KMP_DEVICE_THREAD_LIMIT (KMP_ALL_THREADS), KMP_TEAMS_THREAD_LIMIT, and OMP_THREAD_LIMIT (if any are set).
recomputing robust Mahalanobis distances
saving the robust distances 'MD' as part of ‘r.lmrob’
Flavor: r-devel-linux-x86_64-fedora-clang
Version: 0.3-23
Check: re-building of vignette outputs
Result: ERROR
Error(s) in re-building vignettes:
--- re-building ‘georob_vignette.Rnw’ using Sweave
Loading required package: sp
Attaching package: ‘georob’
The following object is masked from ‘package:stats’:
step
recomputing robust Mahalanobis distances
saving the robust distances 'MD' as part of ‘r.lmrob’
Flavor: r-devel-linux-x86_64-fedora-gcc