Last updated on 2024-08-16 01:48:19 CEST.
Flavor | Version | Tinstall | Tcheck | Ttotal | Status | Flags |
---|---|---|---|---|---|---|
r-devel-linux-x86_64-debian-clang | 2.1.0 | 7.82 | 33.50 | 41.32 | OK | |
r-devel-linux-x86_64-debian-gcc | 2.1.0 | 6.06 | 24.89 | 30.95 | OK | |
r-devel-linux-x86_64-fedora-clang | 2.1.0 | 69.89 | OK | |||
r-devel-linux-x86_64-fedora-gcc | 2.1.0 | 80.45 | OK | |||
r-devel-windows-x86_64 | 2.1.0 | 24.00 | 123.00 | 147.00 | NOTE | |
r-patched-linux-x86_64 | 2.1.0 | 8.94 | 32.05 | 40.99 | OK | |
r-release-linux-x86_64 | 2.1.0 | 7.32 | 32.02 | 39.34 | OK | |
r-release-macos-arm64 | 2.1.0 | 39.00 | OK | |||
r-release-macos-x86_64 | 2.1.0 | 85.00 | OK | |||
r-release-windows-x86_64 | 2.1.0 | 24.00 | 130.00 | 154.00 | NOTE | |
r-oldrel-macos-arm64 | 2.1.0 | 42.00 | ERROR | |||
r-oldrel-macos-x86_64 | 2.1.0 | 66.00 | ERROR | |||
r-oldrel-windows-x86_64 | 2.1.0 | 26.00 | 141.00 | 167.00 | NOTE |
Version: 2.1.0
Check: installed package size
Result: NOTE
installed size is 7.3Mb
sub-directories of 1Mb or more:
libs 7.0Mb
Flavors: r-devel-windows-x86_64, r-release-windows-x86_64, r-oldrel-windows-x86_64
Version: 2.1.0
Check: running R code from vignettes
Result: ERROR
Errors in running code in vignettes:
when running code in ‘gert.Rmd’
...
> dir.create(file.path(r, "child_dir"))
> git_find(file.path(r, "child_dir"))
[1] "/private/var/folders/k4/0jwzxmln0nb8y6rkzprptb640000gq/T/RtmpPXXRdM/aaa/bbb/repo_ccc"
> git_find(file.path(tempdir(), "aaa", "bbb"))
When sourcing ‘gert.R’:
Error: could not find repository from '/private/var/folders/k4/0jwzxmln0nb8y6rkzprptb640000gq/T/RtmpPXXRdM/aaa/bbb'
Execution halted
‘gert.Rmd’ using ‘UTF-8’... failed
Flavor: r-oldrel-macos-arm64
Version: 2.1.0
Check: running R code from vignettes
Result: ERROR
Errors in running code in vignettes:
when running code in ‘gert.Rmd’
...
> dir.create(file.path(r, "child_dir"))
> git_find(file.path(r, "child_dir"))
[1] "/private/var/folders/2b/t0kwbtmn3p7brv2mvx39c9cr0000gn/T/RtmpDvHrCN/aaa/bbb/repo_ccc"
> git_find(file.path(tempdir(), "aaa", "bbb"))
When sourcing ‘gert.R’:
Error: could not find repository from '/private/var/folders/2b/t0kwbtmn3p7brv2mvx39c9cr0000gn/T/RtmpDvHrCN/aaa/bbb'
Execution halted
‘gert.Rmd’ using ‘UTF-8’... failed
Flavor: r-oldrel-macos-x86_64