Last updated on 2024-05-27 02:48:04 CEST.
Flavor | Version | Tinstall | Tcheck | Ttotal | Status | Flags |
---|---|---|---|---|---|---|
r-devel-linux-x86_64-debian-clang | 2.0.1 | 10.41 | 42.69 | 53.10 | NOTE | |
r-devel-linux-x86_64-debian-gcc | 2.0.1 | 6.69 | 32.72 | 39.41 | NOTE | |
r-devel-linux-x86_64-fedora-clang | 2.0.1 | 70.91 | NOTE | |||
r-devel-linux-x86_64-fedora-gcc | 2.0.1 | 78.73 | NOTE | |||
r-devel-windows-x86_64 | 2.0.1 | 21.00 | 121.00 | 142.00 | NOTE | |
r-patched-linux-x86_64 | 2.0.1 | 10.15 | 39.69 | 49.84 | OK | |
r-release-linux-x86_64 | 2.0.1 | 8.88 | 41.01 | 49.89 | OK | |
r-release-macos-arm64 | 2.0.1 | 36.00 | OK | |||
r-release-windows-x86_64 | 2.0.1 | 21.00 | 121.00 | 142.00 | NOTE | |
r-oldrel-macos-arm64 | 2.0.1 | 40.00 | OK | |||
r-oldrel-macos-x86_64 | 2.0.1 | 63.00 | OK | |||
r-oldrel-windows-x86_64 | 2.0.1 | 24.00 | 143.00 | 167.00 | NOTE |
Version: 2.0.1
Check: compiled code
Result: NOTE
File ‘gert/libs/gert.so’:
Found non-API call to R: ‘R_curErrorBuf’
Compiled code should not call non-API entry points in R.
See ‘Writing portable packages’ in the ‘Writing R Extensions’ manual.
Flavors: r-devel-linux-x86_64-debian-clang, r-devel-linux-x86_64-debian-gcc, r-devel-linux-x86_64-fedora-clang, r-devel-linux-x86_64-fedora-gcc
Version: 2.0.1
Check: installed package size
Result: NOTE
installed size is 7.3Mb
sub-directories of 1Mb or more:
libs 7.0Mb
Flavors: r-devel-windows-x86_64, r-release-windows-x86_64, r-oldrel-windows-x86_64
Version: 2.0.1
Check: compiled code
Result: NOTE
File 'gert/libs/x64/gert.dll':
Found non-API call to R: 'R_curErrorBuf'
Compiled code should not call non-API entry points in R.
See 'Writing portable packages' in the 'Writing R Extensions' manual.
Flavor: r-devel-windows-x86_64