Last updated on 2025-10-31 01:48:59 CET.
| Flavor | Version | Tinstall | Tcheck | Ttotal | Status | Flags | 
|---|---|---|---|---|---|---|
| r-devel-linux-x86_64-debian-clang | 1.0-1 | 5.18 | 59.90 | 65.08 | NOTE | |
| r-devel-linux-x86_64-debian-gcc | 1.0-1 | 3.85 | 44.10 | 47.95 | NOTE | |
| r-devel-linux-x86_64-fedora-clang | 1.0-1 | 58.00 | 46.80 | 104.80 | NOTE | |
| r-devel-linux-x86_64-fedora-gcc | 1.0-1 | 31.00 | 86.84 | 117.84 | NOTE | |
| r-devel-windows-x86_64 | 1.0-1 | 7.00 | 77.00 | 84.00 | NOTE | |
| r-patched-linux-x86_64 | 1.0-1 | 5.40 | 54.70 | 60.10 | NOTE | |
| r-release-linux-x86_64 | 1.0-1 | 4.55 | 54.24 | 58.79 | NOTE | |
| r-release-macos-arm64 | 1.0-1 | 3.00 | 75.00 | 78.00 | NOTE | |
| r-release-macos-x86_64 | 1.0-1 | 5.00 | 69.00 | 74.00 | NOTE | |
| r-release-windows-x86_64 | 1.0-1 | 8.00 | 77.00 | 85.00 | NOTE | |
| r-oldrel-macos-arm64 | 1.0-1 | 3.00 | 47.00 | 50.00 | OK | |
| r-oldrel-macos-x86_64 | 1.0-1 | 4.00 | 60.00 | 64.00 | OK | |
| r-oldrel-windows-x86_64 | 1.0-1 | 10.00 | 93.00 | 103.00 | OK | 
Version: 1.0-1
Check: DESCRIPTION meta-information
Result: NOTE
    Missing dependency on R >= 4.1.0 because package code uses the pipe
    |> or function shorthand \(...) syntax added in R 4.1.0.
    File(s) using such syntax:
      ‘query_gesla.R’ ‘query_gesla.Rd’ ‘write_gesla.Rd’
Flavors: r-devel-linux-x86_64-debian-clang, r-devel-linux-x86_64-debian-gcc, r-devel-linux-x86_64-fedora-clang, r-devel-linux-x86_64-fedora-gcc, r-devel-windows-x86_64, r-patched-linux-x86_64, r-release-linux-x86_64, r-release-macos-arm64, r-release-macos-x86_64, r-release-windows-x86_64