Last updated on 2025-05-12 02:49:59 CEST.
Flavor | Version | Tinstall | Tcheck | Ttotal | Status | Flags |
---|---|---|---|---|---|---|
r-devel-linux-x86_64-debian-clang | 1.0 | 2.11 | 21.79 | 23.90 | NOTE | |
r-devel-linux-x86_64-debian-gcc | 1.0 | 1.69 | 17.58 | 19.27 | NOTE | |
r-devel-linux-x86_64-fedora-clang | 1.0 | 36.33 | OK | |||
r-devel-linux-x86_64-fedora-gcc | 1.0 | 36.01 | OK | |||
r-devel-windows-x86_64 | 1.0 | 4.00 | 40.00 | 44.00 | NOTE | |
r-patched-linux-x86_64 | 1.0 | 2.00 | 21.63 | 23.63 | NOTE | |
r-release-linux-x86_64 | 1.0 | 1.85 | 20.70 | 22.55 | NOTE | |
r-release-macos-arm64 | 1.0 | 15.00 | OK | |||
r-release-macos-x86_64 | 1.0 | 24.00 | OK | |||
r-release-windows-x86_64 | 1.0 | 3.00 | 44.00 | 47.00 | NOTE | |
r-oldrel-macos-arm64 | 1.0 | 18.00 | OK | |||
r-oldrel-macos-x86_64 | 1.0 | 23.00 | OK | |||
r-oldrel-windows-x86_64 | 1.0 | 4.00 | 47.00 | 51.00 | OK |
Version: 1.0
Check: Rd cross-references
Result: NOTE
Found the following Rd file(s) with Rd \link{} targets missing package
anchors:
glag.Rd: zoo, lag.zoo
gsummary.Rd: vcovHC, NeweyWest
Please provide package anchors for all Rd \link{} targets not in the
package itself and the base packages.
Flavors: r-devel-linux-x86_64-debian-clang, r-devel-linux-x86_64-debian-gcc, r-devel-windows-x86_64, r-patched-linux-x86_64, r-release-linux-x86_64, r-release-windows-x86_64