Last updated on 2024-08-16 01:48:19 CEST.
Flavor | Version | Tinstall | Tcheck | Ttotal | Status | Flags |
---|---|---|---|---|---|---|
r-devel-linux-x86_64-debian-clang | 1.3 | 4.90 | 39.93 | 44.83 | NOTE | |
r-devel-linux-x86_64-debian-gcc | 1.3 | 2.84 | 29.78 | 32.62 | NOTE | |
r-devel-linux-x86_64-fedora-clang | 1.3 | 69.06 | NOTE | |||
r-devel-linux-x86_64-fedora-gcc | 1.3 | 65.63 | NOTE | |||
r-devel-windows-x86_64 | 1.3 | 6.00 | 57.00 | 63.00 | NOTE | |
r-patched-linux-x86_64 | 1.3 | 4.03 | 38.00 | 42.03 | NOTE | |
r-release-linux-x86_64 | 1.3 | 4.06 | 37.91 | 41.97 | NOTE | |
r-release-macos-arm64 | 1.3 | 24.00 | NOTE | |||
r-release-macos-x86_64 | 1.3 | 34.00 | NOTE | |||
r-release-windows-x86_64 | 1.3 | 7.00 | 59.00 | 66.00 | NOTE | |
r-oldrel-macos-arm64 | 1.3 | 27.00 | NOTE | |||
r-oldrel-macos-x86_64 | 1.3 | 34.00 | NOTE | |||
r-oldrel-windows-x86_64 | 1.3 | 8.00 | 64.00 | 72.00 | NOTE |
Version: 1.3
Check: LazyData
Result: NOTE
'LazyData' is specified without a 'data' directory
Flavors: r-devel-linux-x86_64-debian-clang, r-devel-linux-x86_64-debian-gcc, r-devel-linux-x86_64-fedora-clang, r-devel-linux-x86_64-fedora-gcc, r-devel-windows-x86_64, r-patched-linux-x86_64, r-release-linux-x86_64, r-release-macos-arm64, r-release-macos-x86_64, r-release-windows-x86_64, r-oldrel-macos-arm64, r-oldrel-macos-x86_64, r-oldrel-windows-x86_64