Last updated on 2024-08-16 01:48:19 CEST.
Flavor | Version | Tinstall | Tcheck | Ttotal | Status | Flags |
---|---|---|---|---|---|---|
r-devel-linux-x86_64-debian-clang | 0.2.8 | 15.93 | 269.32 | 285.25 | NOTE | |
r-devel-linux-x86_64-debian-gcc | 0.2.8 | 10.86 | 186.40 | 197.26 | NOTE | |
r-devel-linux-x86_64-fedora-clang | 0.2.8 | 465.05 | OK | |||
r-devel-linux-x86_64-fedora-gcc | 0.2.8 | 441.72 | OK | |||
r-devel-windows-x86_64 | 0.2.8 | 17.00 | 248.00 | 265.00 | NOTE | |
r-patched-linux-x86_64 | 0.2.8 | 19.48 | 254.06 | 273.54 | OK | |
r-release-linux-x86_64 | 0.2.8 | 13.77 | 255.08 | 268.85 | OK | |
r-release-macos-arm64 | 0.2.8 | 114.00 | OK | |||
r-release-macos-x86_64 | 0.2.8 | 189.00 | OK | |||
r-release-windows-x86_64 | 0.2.8 | 19.00 | 1263.00 | 1282.00 | OK | |
r-oldrel-macos-arm64 | 0.2.8 | 119.00 | OK | |||
r-oldrel-macos-x86_64 | 0.2.8 | 244.00 | OK | |||
r-oldrel-windows-x86_64 | 0.2.8 | 22.00 | 317.00 | 339.00 | OK |
Version: 0.2.8
Check: Rd cross-references
Result: NOTE
Found the following Rd file(s) with Rd \link{} targets missing package
anchors:
guide_axis_logticks.Rd: rel
guide_axis_minor.Rd: rel
guide_axis_nested.Rd: element_line, element_text
theme_extensions.Rd: element_line, element_text, rel
Please provide package anchors for all Rd \link{} targets not in the
package itself and the base packages.
Flavors: r-devel-linux-x86_64-debian-clang, r-devel-linux-x86_64-debian-gcc, r-devel-windows-x86_64