Last updated on 2025-10-31 01:48:59 CET.
| Flavor | Version | Tinstall | Tcheck | Ttotal | Status | Flags | 
|---|---|---|---|---|---|---|
| r-devel-linux-x86_64-debian-clang | 0.33.1 | 6.45 | 55.77 | 62.22 | NOTE | |
| r-devel-linux-x86_64-debian-gcc | 0.33.1 | 4.29 | 41.41 | 45.70 | NOTE | |
| r-devel-linux-x86_64-fedora-clang | 0.33.1 | 21.00 | 73.79 | 94.79 | OK | |
| r-devel-linux-x86_64-fedora-gcc | 0.33.1 | 17.00 | 81.59 | 98.59 | OK | |
| r-devel-windows-x86_64 | 0.33.1 | 7.00 | 65.00 | 72.00 | OK | |
| r-patched-linux-x86_64 | 0.33.1 | 5.57 | 51.34 | 56.91 | OK | |
| r-release-linux-x86_64 | 0.33.1 | 6.65 | 51.98 | 58.63 | OK | |
| r-release-macos-arm64 | 0.33.1 | 3.00 | 35.00 | 38.00 | OK | |
| r-release-macos-x86_64 | 0.33.1 | 5.00 | 72.00 | 77.00 | OK | |
| r-release-windows-x86_64 | 0.33.1 | 7.00 | 74.00 | 81.00 | OK | |
| r-oldrel-macos-arm64 | 0.33.1 | 3.00 | 32.00 | 35.00 | OK | |
| r-oldrel-macos-x86_64 | 0.33.1 | 4.00 | 64.00 | 68.00 | OK | |
| r-oldrel-windows-x86_64 | 0.33.1 | 8.00 | 83.00 | 91.00 | OK | 
Version: 0.33.1
Check: CRAN incoming feasibility
Result: NOTE
  Maintainer: ‘Han Zhang <zhangh.ustc@gmail.com>’
  
  No Authors@R field in DESCRIPTION.
  Please add one, modifying
    Authors@R: c(person(given = "Han",
                        family = "Zhang",
                        role = c("aut", "cre"),
                        email = "zhangh.ustc@gmail.com"),
                 person(given = "Kai",
                        family = "Yu",
                        role = "aut"))
  as necessary.
Flavors: r-devel-linux-x86_64-debian-clang, r-devel-linux-x86_64-debian-gcc