Last updated on 2025-10-26 01:49:51 CEST.
| Flavor | Version | Tinstall | Tcheck | Ttotal | Status | Flags |
|---|---|---|---|---|---|---|
| r-devel-linux-x86_64-debian-clang | 0.1.0 | 5.49 | 39.53 | 45.02 | OK | |
| r-devel-linux-x86_64-debian-gcc | 0.1.0 | 3.93 | 29.41 | 33.34 | OK | |
| r-devel-linux-x86_64-fedora-clang | 0.1.0 | 15.00 | 52.78 | 67.78 | OK | |
| r-devel-linux-x86_64-fedora-gcc | 0.1.0 | 11.00 | 50.43 | 61.43 | OK | |
| r-devel-windows-x86_64 | 0.1.0 | 7.00 | 53.00 | 60.00 | OK | |
| r-patched-linux-x86_64 | 0.1.0 | 5.30 | 37.27 | 42.57 | OK | |
| r-release-linux-x86_64 | 0.1.0 | 4.61 | 37.11 | 41.72 | OK | |
| r-release-macos-arm64 | 0.1.0 | 4.00 | 35.00 | 39.00 | OK | |
| r-release-macos-x86_64 | 0.1.0 | 5.00 | 34.00 | 39.00 | OK | |
| r-release-windows-x86_64 | 0.1.0 | 8.00 | 53.00 | 61.00 | OK | |
| r-oldrel-macos-arm64 | 0.1.0 | 3.00 | 21.00 | 24.00 | NOTE | |
| r-oldrel-macos-x86_64 | 0.1.0 | 4.00 | 29.00 | 33.00 | NOTE | |
| r-oldrel-windows-x86_64 | 0.1.0 | 9.00 | 64.00 | 73.00 | NOTE |
Version: 0.1.0
Check: LazyData
Result: NOTE
'LazyData' is specified without a 'data' directory
Flavors: r-oldrel-macos-arm64, r-oldrel-macos-x86_64, r-oldrel-windows-x86_64