Last updated on 2024-08-16 01:48:19 CEST.
Flavor | Version | Tinstall | Tcheck | Ttotal | Status | Flags |
---|---|---|---|---|---|---|
r-devel-linux-x86_64-debian-clang | 0.1.8 | 263.16 | 145.14 | 408.30 | NOTE | |
r-devel-linux-x86_64-debian-gcc | 0.1.8 | 186.12 | 119.54 | 305.66 | NOTE | |
r-devel-linux-x86_64-fedora-clang | 0.1.8 | 589.11 | NOTE | |||
r-devel-linux-x86_64-fedora-gcc | 0.1.8 | 737.71 | NOTE | |||
r-devel-windows-x86_64 | 0.1.8 | 193.00 | 189.00 | 382.00 | NOTE | |
r-patched-linux-x86_64 | 0.1.8 | 263.08 | 157.05 | 420.13 | NOTE | |
r-release-linux-x86_64 | 0.1.8 | 241.65 | 158.30 | 399.95 | NOTE | |
r-release-macos-arm64 | 0.1.8 | 148.00 | NOTE | |||
r-release-macos-x86_64 | 0.1.8 | 241.00 | NOTE | |||
r-release-windows-x86_64 | 0.1.8 | 200.00 | 272.00 | 472.00 | NOTE | |
r-oldrel-macos-arm64 | 0.1.8 | 145.00 | NOTE | |||
r-oldrel-macos-x86_64 | 0.1.8 | 337.00 | NOTE | |||
r-oldrel-windows-x86_64 | 0.1.8 | 271.00 | 225.00 | 496.00 | NOTE |
Version: 0.1.8
Check: for GNU extensions in Makefiles
Result: NOTE
GNU make is a SystemRequirements.
Flavors: r-devel-linux-x86_64-debian-clang, r-devel-linux-x86_64-debian-gcc, r-devel-linux-x86_64-fedora-clang, r-devel-linux-x86_64-fedora-gcc, r-devel-windows-x86_64, r-patched-linux-x86_64, r-release-linux-x86_64, r-release-macos-arm64, r-release-macos-x86_64, r-release-windows-x86_64, r-oldrel-macos-arm64, r-oldrel-macos-x86_64, r-oldrel-windows-x86_64
Version: 0.1.8
Check: installed package size
Result: NOTE
installed size is 93.0Mb
sub-directories of 1Mb or more:
libs 92.3Mb
Flavors: r-release-macos-arm64, r-release-macos-x86_64, r-oldrel-macos-arm64, r-oldrel-macos-x86_64