Last updated on 2024-08-16 01:48:19 CEST.
Flavor | Version | Tinstall | Tcheck | Ttotal | Status | Flags |
---|---|---|---|---|---|---|
r-devel-linux-x86_64-debian-clang | 0.3.5 | 249.26 | 158.22 | 407.48 | OK | |
r-devel-linux-x86_64-debian-gcc | 0.3.5 | 310.05 | 148.96 | 459.01 | OK | |
r-devel-linux-x86_64-fedora-clang | 0.3.5 | 683.33 | OK | |||
r-devel-linux-x86_64-fedora-gcc | 0.3.5 | 1040.00 | OK | |||
r-devel-windows-x86_64 | 0.3.5 | 345.00 | 196.00 | 541.00 | OK | |
r-patched-linux-x86_64 | 0.3.5 | 398.79 | 196.80 | 595.59 | OK | |
r-release-linux-x86_64 | 0.3.5 | 367.35 | 196.89 | 564.24 | OK | |
r-release-macos-arm64 | 0.3.5 | 149.00 | NOTE | |||
r-release-macos-x86_64 | 0.3.5 | 260.00 | NOTE | |||
r-release-windows-x86_64 | 0.3.5 | 346.00 | 208.00 | 554.00 | OK | |
r-oldrel-macos-arm64 | 0.3.5 | 142.00 | NOTE | |||
r-oldrel-macos-x86_64 | 0.3.5 | 261.00 | NOTE | |||
r-oldrel-windows-x86_64 | 0.3.5 | 578.00 | 245.00 | 823.00 | OK |
Version: 0.3.5
Check: installed package size
Result: NOTE
installed size is 49.7Mb
sub-directories of 1Mb or more:
libs 49.4Mb
Flavors: r-release-macos-arm64, r-release-macos-x86_64, r-oldrel-macos-arm64, r-oldrel-macos-x86_64