Last updated on 2025-02-11 01:49:08 CET.
Flavor | Version | Tinstall | Tcheck | Ttotal | Status | Flags |
---|---|---|---|---|---|---|
r-devel-linux-x86_64-debian-clang | 0.4.0 | 20.48 | 82.75 | 103.23 | ERROR | |
r-devel-linux-x86_64-debian-gcc | 0.4.0 | 19.55 | 65.19 | 84.74 | OK | |
r-devel-linux-x86_64-fedora-clang | 0.4.0 | 183.31 | OK | |||
r-devel-linux-x86_64-fedora-gcc | 0.4.0 | 200.17 | OK | |||
r-devel-windows-x86_64 | 0.4.0 | 32.00 | 112.00 | 144.00 | OK | |
r-patched-linux-x86_64 | 0.4.0 | 25.80 | 83.85 | 109.65 | OK | |
r-release-linux-x86_64 | 0.4.0 | 24.92 | 83.07 | 107.99 | OK | |
r-release-macos-arm64 | 0.4.0 | 74.00 | OK | |||
r-release-macos-x86_64 | 0.4.0 | 100.00 | OK | |||
r-release-windows-x86_64 | 0.4.0 | 31.00 | 113.00 | 144.00 | OK | |
r-oldrel-macos-arm64 | 0.4.0 | 60.00 | OK | |||
r-oldrel-macos-x86_64 | 0.4.0 | 111.00 | OK | |||
r-oldrel-windows-x86_64 | 0.4.0 | 36.00 | 137.00 | 173.00 | OK |
Version: 0.4.0
Check: tests
Result: ERROR
Running ‘testthat.R’ [5s/6s]
Running the tests in ‘tests/testthat.R’ failed.
Complete output:
> library(testthat)
> library(goldilocks)
Loading required package: survival
>
> test_check("goldilocks")
[ FAIL 1 | WARN 2 | SKIP 1 | PASS 17 ]
══ Skipped tests (1) ═══════════════════════════════════════════════════════════
• On CRAN (1): 'test-survival_adapt.R:81:3'
══ Failed tests ════════════════════════════════════════════════════════════════
── Error ('test-survival_adapt.R:54:3'): survival_adapt-cox ────────────────────
Error in `if (prob_now > prob_ha) {
expected_success_test <- expected_success_test + 1
}`: missing value where TRUE/FALSE needed
Backtrace:
▆
1. └─goldilocks::survival_adapt(...) at test-survival_adapt.R:54:3
[ FAIL 1 | WARN 2 | SKIP 1 | PASS 17 ]
Error: Test failures
Execution halted
Flavor: r-devel-linux-x86_64-debian-clang