Last updated on 2025-10-31 01:48:59 CET.
| Flavor | Version | Tinstall | Tcheck | Ttotal | Status | Flags | 
|---|---|---|---|---|---|---|
| r-devel-linux-x86_64-debian-clang | 1.0.0 | 1.37 | 22.83 | 24.20 | OK | |
| r-devel-linux-x86_64-debian-gcc | 1.0.0 | 1.36 | 18.90 | 20.26 | OK | |
| r-devel-linux-x86_64-fedora-clang | 1.0.0 | 38.91 | OK | |||
| r-devel-linux-x86_64-fedora-gcc | 1.0.0 | 48.89 | OK | |||
| r-devel-windows-x86_64 | 1.0.0 | 2.00 | 41.00 | 43.00 | OK | |
| r-patched-linux-x86_64 | 1.0.0 | 1.39 | 20.76 | 22.15 | OK | |
| r-release-linux-x86_64 | 1.0.0 | 1.46 | 20.66 | 22.12 | OK | |
| r-release-macos-arm64 | 1.0.0 | 1.00 | 22.00 | 23.00 | OK | |
| r-release-macos-x86_64 | 1.0.0 | 1.00 | 37.00 | 38.00 | OK | |
| r-release-windows-x86_64 | 1.0.0 | 5.00 | 43.00 | 48.00 | OK | |
| r-oldrel-macos-arm64 | 1.0.0 | 1.00 | 30.00 | 31.00 | NOTE | |
| r-oldrel-macos-x86_64 | 1.0.0 | 3.00 | 77.00 | 80.00 | NOTE | |
| r-oldrel-windows-x86_64 | 1.0.0 | 4.00 | 46.00 | 50.00 | NOTE | 
Version: 1.0.0
Check: package dependencies
Result: NOTE
  Package suggested but not available for checking: ‘cmdstanr’
Flavors: r-oldrel-macos-arm64, r-oldrel-macos-x86_64, r-oldrel-windows-x86_64