Last updated on 2024-08-16 01:48:19 CEST.
Flavor | Version | Tinstall | Tcheck | Ttotal | Status | Flags |
---|---|---|---|---|---|---|
r-devel-linux-x86_64-debian-clang | 0.4.4 | 47.25 | 433.86 | 481.11 | NOTE | |
r-devel-linux-x86_64-debian-gcc | 0.4.4 | 31.61 | 283.48 | 315.09 | NOTE | |
r-devel-linux-x86_64-fedora-clang | 0.4.4 | 791.87 | OK | |||
r-devel-linux-x86_64-fedora-gcc | 0.4.4 | 766.97 | OK | |||
r-devel-windows-x86_64 | 0.4.4 | 50.00 | 484.00 | 534.00 | NOTE | |
r-patched-linux-x86_64 | 0.4.4 | 48.15 | 407.22 | 455.37 | OK | |
r-release-linux-x86_64 | 0.4.4 | 42.52 | 413.83 | 456.35 | OK | |
r-release-macos-arm64 | 0.4.4 | 195.00 | OK | |||
r-release-macos-x86_64 | 0.4.4 | 336.00 | OK | |||
r-release-windows-x86_64 | 0.4.4 | 51.00 | 564.00 | 615.00 | OK | |
r-oldrel-macos-arm64 | 0.4.4 | 201.00 | OK | |||
r-oldrel-macos-x86_64 | 0.4.4 | 430.00 | OK | |||
r-oldrel-windows-x86_64 | 0.4.4 | 64.00 | 581.00 | 645.00 | OK |
Version: 0.4.4
Check: Rd cross-references
Result: NOTE
Found the following Rd file(s) with Rd \link{} targets missing package
anchors:
MPG.Rd: igraph, projectRaster
corridor.Rd: SpatialPoints
distance.Rd: SpatialPoints
export.Rd: writeFormats
ggGS.Rd: ggplot
goc-class.Rd: igraph
grainscape-deprecated.Rd: SpatialPolygonsDataFrame, SpatialPoints
patchFilter.Rd: clump
plot.Rd: ggplot
point.Rd: SpatialPoints
theme_grainscape.Rd: ggplot2, ggplot
Please provide package anchors for all Rd \link{} targets not in the
package itself and the base packages.
Flavors: r-devel-linux-x86_64-debian-clang, r-devel-linux-x86_64-debian-gcc, r-devel-windows-x86_64