Last updated on 2025-02-10 01:48:22 CET.
Flavor | Version | Tinstall | Tcheck | Ttotal | Status | Flags |
---|---|---|---|---|---|---|
r-devel-linux-x86_64-debian-clang | 0.1.2 | 6.46 | 54.18 | 60.64 | OK | |
r-devel-linux-x86_64-debian-gcc | 0.1.2 | 4.11 | 37.82 | 41.93 | OK | |
r-devel-linux-x86_64-fedora-clang | 0.1.2 | 100.49 | OK | |||
r-devel-linux-x86_64-fedora-gcc | 0.1.2 | 91.72 | OK | |||
r-devel-windows-x86_64 | 0.1.2 | 7.00 | 70.00 | 77.00 | OK | |
r-patched-linux-x86_64 | 0.1.2 | 6.23 | 49.58 | 55.81 | NOTE | |
r-release-linux-x86_64 | 0.1.2 | 6.14 | 49.74 | 55.88 | NOTE | |
r-release-macos-arm64 | 0.1.2 | 31.00 | NOTE | |||
r-release-macos-x86_64 | 0.1.2 | 45.00 | NOTE | |||
r-release-windows-x86_64 | 0.1.2 | 10.00 | 71.00 | 81.00 | NOTE | |
r-oldrel-macos-arm64 | 0.1.2 | 31.00 | NOTE | |||
r-oldrel-macos-x86_64 | 0.1.2 | 47.00 | NOTE | |||
r-oldrel-windows-x86_64 | 0.1.2 | 9.00 | 80.00 | 89.00 | NOTE |
Version: 0.1.2
Check: LazyData
Result: NOTE
'LazyData' is specified without a 'data' directory
Flavors: r-patched-linux-x86_64, r-release-linux-x86_64, r-release-macos-arm64, r-release-macos-x86_64, r-release-windows-x86_64, r-oldrel-macos-arm64, r-oldrel-macos-x86_64, r-oldrel-windows-x86_64