CRAN Package Check Results for Package guix.install

Last updated on 2025-02-05 02:48:50 CET.

Flavor Version Tinstall Tcheck Ttotal Status Flags
r-devel-linux-x86_64-debian-clang 1.0.0 1.61 16.77 18.38 OK
r-devel-linux-x86_64-debian-gcc 1.0.0 1.28 13.94 15.22 OK
r-devel-linux-x86_64-fedora-clang 1.0.0 30.98 NOTE
r-devel-linux-x86_64-fedora-gcc 1.0.0 27.60 NOTE
r-devel-windows-x86_64 1.0.0 4.00 39.00 43.00 OK
r-patched-linux-x86_64 1.0.0 1.41 16.64 18.05 OK
r-release-linux-x86_64 1.0.0 1.54 16.17 17.71 OK
r-release-macos-arm64 1.0.0 14.00 OK
r-release-macos-x86_64 1.0.0 23.00 OK
r-release-windows-x86_64 1.0.0 3.00 39.00 42.00 OK
r-oldrel-macos-arm64 1.0.0 16.00 OK
r-oldrel-macos-x86_64 1.0.0 18.00 OK
r-oldrel-windows-x86_64 1.0.0 4.00 39.00 43.00 OK

Check Details

Version: 1.0.0
Check: dependencies in R code
Result: NOTE Namespace in Imports field not imported from: ‘RUnit’ All declared Imports should be used. Flavors: r-devel-linux-x86_64-fedora-clang, r-devel-linux-x86_64-fedora-gcc