Last updated on 2025-11-15 03:50:13 CET.
| Flavor | Version | Tinstall | Tcheck | Ttotal | Status | Flags |
|---|---|---|---|---|---|---|
| r-devel-linux-x86_64-debian-clang | 1.0.0 | 54.11 | 91.39 | 145.50 | OK | |
| r-devel-linux-x86_64-debian-gcc | 1.0.0 | 33.72 | 65.66 | 99.38 | OK | |
| r-devel-linux-x86_64-fedora-clang | 1.0.0 | 164.00 | 95.26 | 259.26 | OK | |
| r-devel-linux-x86_64-fedora-gcc | 1.0.0 | 90.00 | 128.33 | 218.33 | OK | |
| r-devel-windows-x86_64 | 1.0.0 | 77.00 | 122.00 | 199.00 | OK | |
| r-patched-linux-x86_64 | 1.0.0 | 56.22 | 85.18 | 141.40 | OK | |
| r-release-linux-x86_64 | 1.0.0 | 51.30 | 85.31 | 136.61 | OK | |
| r-release-macos-arm64 | 1.0.0 | 23.00 | 41.00 | 64.00 | OK | |
| r-release-macos-x86_64 | 1.0.0 | 24.00 | 73.00 | 97.00 | OK | |
| r-release-windows-x86_64 | 1.0.0 | 67.00 | 120.00 | 187.00 | OK | |
| r-oldrel-macos-arm64 | 1.0.0 | 22.00 | 37.00 | 59.00 | NOTE | |
| r-oldrel-macos-x86_64 | 1.0.0 | 22.00 | 55.00 | 77.00 | NOTE | |
| r-oldrel-windows-x86_64 | 1.0.0 | 78.00 | 150.00 | 228.00 | OK |
Version: 1.0.0
Check: installed package size
Result: NOTE
installed size is 5.8Mb
sub-directories of 1Mb or more:
data 3.0Mb
libs 2.5Mb
Flavors: r-oldrel-macos-arm64, r-oldrel-macos-x86_64