Last updated on 2024-07-27 01:53:13 CEST.
Flavor | Version | Tinstall | Tcheck | Ttotal | Status | Flags |
---|---|---|---|---|---|---|
r-devel-linux-x86_64-debian-clang | 0.5.4 | 310.73 | 420.96 | 731.69 | OK | |
r-devel-linux-x86_64-debian-gcc | 0.5.4 | 249.13 | 336.78 | 585.91 | NOTE | |
r-devel-linux-x86_64-fedora-clang | 0.5.4 | 1073.84 | NOTE | |||
r-devel-linux-x86_64-fedora-gcc | 0.5.4 | 1097.57 | NOTE | |||
r-devel-windows-x86_64 | 0.5.4 | 268.00 | 419.00 | 687.00 | NOTE | |
r-patched-linux-x86_64 | 0.5.4 | OK | ||||
r-release-linux-x86_64 | 0.5.4 | 217.98 | 422.72 | 640.70 | OK | |
r-release-macos-arm64 | 0.5.4 | 247.00 | NOTE | |||
r-release-macos-x86_64 | 0.5.4 | 376.00 | NOTE | |||
r-release-windows-x86_64 | 0.5.4 | 310.00 | 431.00 | 741.00 | NOTE | |
r-oldrel-macos-arm64 | 0.5.4 | 265.00 | NOTE | |||
r-oldrel-macos-x86_64 | 0.5.4 | 509.00 | NOTE | |||
r-oldrel-windows-x86_64 | 0.5.4 | 319.00 | 495.00 | 814.00 | NOTE |
Version: 0.5.4
Check: Rd cross-references
Result: NOTE
Found the following Rd file(s) with Rd \link{} targets missing package
anchors:
create_IndivCtstmTrans.Rd: R6Class
create_trans_dt.Rd: data.table
input_mats.Rd: data.table, print.data.table
partsurvfit.Rd: flexsurvreg, flexsurvspline
plot_ceac.Rd: ggplot2
plot_ceaf.Rd: ggplot2
plot_ceplane.Rd: ggplot2
plot_evpi.Rd: ggplot2
summary.eval_rng.Rd: data.table
summary.params.Rd: data.table
summary.tparams_transprobs.Rd: data.table
summary.tpmatrix.Rd: data.table
Please provide package anchors for all Rd \link{} targets not in the
package itself and the base packages.
Flavors: r-devel-linux-x86_64-debian-gcc, r-devel-windows-x86_64
Version: 0.5.4
Check: installed package size
Result: NOTE
installed size is 6.2Mb
sub-directories of 1Mb or more:
doc 2.2Mb
libs 2.1Mb
Flavors: r-devel-linux-x86_64-fedora-clang, r-devel-windows-x86_64, r-release-macos-arm64, r-release-macos-x86_64, r-release-windows-x86_64, r-oldrel-macos-arm64, r-oldrel-macos-x86_64, r-oldrel-windows-x86_64
Version: 0.5.4
Check: dependencies in R code
Result: NOTE
Namespace in Imports field not imported from: ‘R6’
All declared Imports should be used.
Flavors: r-devel-linux-x86_64-fedora-clang, r-devel-linux-x86_64-fedora-gcc