Last updated on 2024-08-16 01:48:20 CEST.
Flavor | Version | Tinstall | Tcheck | Ttotal | Status | Flags |
---|---|---|---|---|---|---|
r-devel-linux-x86_64-debian-clang | 0.9.4 | 12.10 | 110.52 | 122.62 | OK | |
r-devel-linux-x86_64-debian-gcc | 0.9.4 | 8.24 | 74.73 | 82.97 | OK | |
r-devel-linux-x86_64-fedora-clang | 0.9.4 | 195.39 | NOTE | |||
r-devel-linux-x86_64-fedora-gcc | 0.9.4 | 181.71 | NOTE | |||
r-devel-windows-x86_64 | 0.9.4 | 14.00 | 145.00 | 159.00 | OK | |
r-patched-linux-x86_64 | 0.9.4 | 13.44 | 101.15 | 114.59 | OK | |
r-release-linux-x86_64 | 0.9.4 | 11.69 | 102.95 | 114.64 | OK | |
r-release-macos-arm64 | 0.9.4 | 52.00 | OK | |||
r-release-macos-x86_64 | 0.9.4 | 81.00 | OK | |||
r-release-windows-x86_64 | 0.9.4 | 15.00 | 147.00 | 162.00 | OK | |
r-oldrel-macos-arm64 | 0.9.4 | 61.00 | OK | |||
r-oldrel-macos-x86_64 | 0.9.4 | 97.00 | NOTE | |||
r-oldrel-windows-x86_64 | 0.9.4 | 19.00 | 181.00 | 200.00 | OK |
Version: 0.9.4
Check: data for non-ASCII characters
Result: NOTE
Note: found 11 marked UTF-8 strings
Flavors: r-devel-linux-x86_64-fedora-clang, r-devel-linux-x86_64-fedora-gcc
Version: 0.9.4
Check: package dependencies
Result: NOTE
Package suggested but not available for checking: ‘geojsonio’
Flavor: r-oldrel-macos-x86_64