Last updated on 2024-08-16 01:48:20 CEST.
Flavor | Version | Tinstall | Tcheck | Ttotal | Status | Flags |
---|---|---|---|---|---|---|
r-devel-linux-x86_64-debian-clang | 0.9.0 | 25.70 | 131.64 | 157.34 | NOTE | |
r-devel-linux-x86_64-debian-gcc | 0.9.0 | 19.44 | 108.12 | 127.56 | NOTE | |
r-devel-linux-x86_64-fedora-clang | 0.9.0 | 266.41 | NOTE | |||
r-devel-linux-x86_64-fedora-gcc | 0.9.0 | 303.41 | NOTE | |||
r-devel-windows-x86_64 | 0.9.0 | 31.00 | 190.00 | 221.00 | NOTE | |
r-patched-linux-x86_64 | 0.9.0 | 26.67 | 136.27 | 162.94 | NOTE | |
r-release-linux-x86_64 | 0.9.0 | 26.32 | 136.78 | 163.10 | NOTE | |
r-release-macos-arm64 | 0.9.0 | 119.00 | NOTE | |||
r-release-macos-x86_64 | 0.9.0 | 151.00 | NOTE | |||
r-release-windows-x86_64 | 0.9.0 | 31.00 | 204.00 | 235.00 | NOTE | |
r-oldrel-macos-arm64 | 0.9.0 | 137.00 | NOTE | |||
r-oldrel-macos-x86_64 | 0.9.0 | 180.00 | NOTE | |||
r-oldrel-windows-x86_64 | 0.9.0 | 35.00 | 208.00 | 243.00 | NOTE |
Version: 0.9.0
Check: C++ specification
Result: NOTE
Specified C++11: please drop specification unless essential
Flavors: r-devel-linux-x86_64-debian-clang, r-devel-linux-x86_64-debian-gcc, r-devel-linux-x86_64-fedora-clang, r-devel-linux-x86_64-fedora-gcc, r-devel-windows-x86_64, r-patched-linux-x86_64, r-release-linux-x86_64, r-release-macos-arm64, r-release-macos-x86_64, r-release-windows-x86_64, r-oldrel-macos-arm64, r-oldrel-macos-x86_64, r-oldrel-windows-x86_64