Last updated on 2025-10-31 01:49:00 CET.
| Flavor | Version | Tinstall | Tcheck | Ttotal | Status | Flags | 
|---|---|---|---|---|---|---|
| r-devel-linux-x86_64-debian-clang | 0.1.1 | 7.46 | 86.48 | 93.94 | NOTE | |
| r-devel-linux-x86_64-debian-gcc | 0.1.1 | 5.31 | 62.57 | 67.88 | NOTE | |
| r-devel-linux-x86_64-fedora-clang | 0.1.1 | 21.00 | 120.88 | 141.88 | OK | |
| r-devel-linux-x86_64-fedora-gcc | 0.1.1 | 18.00 | 127.93 | 145.93 | OK | |
| r-devel-windows-x86_64 | 0.1.1 | 8.00 | 91.00 | 99.00 | OK | |
| r-patched-linux-x86_64 | 0.1.1 | 6.67 | 83.17 | 89.84 | OK | |
| r-release-linux-x86_64 | 0.1.1 | 6.93 | 81.36 | 88.29 | OK | |
| r-release-macos-arm64 | 0.1.1 | 3.00 | 60.00 | 63.00 | OK | |
| r-release-macos-x86_64 | 0.1.1 | 5.00 | 106.00 | 111.00 | OK | |
| r-release-windows-x86_64 | 0.1.1 | 7.00 | 93.00 | 100.00 | OK | |
| r-oldrel-macos-arm64 | 0.1.1 | 3.00 | 43.00 | 46.00 | OK | |
| r-oldrel-macos-x86_64 | 0.1.1 | 5.00 | 86.00 | 91.00 | OK | |
| r-oldrel-windows-x86_64 | 0.1.1 | 10.00 | 121.00 | 131.00 | OK | 
Version: 0.1.1
Check: CRAN incoming feasibility
Result: NOTE
  Maintainer: ‘Daniel Antiporta <dantiporta@jhu.edu>’
  
  No Authors@R field in DESCRIPTION.
  Please add one, modifying
    Authors@R: c(person(given = c("Daniel", "Antiporta;", "Matthew", "Matheson", "<mmathes4@jhu.edu>;", "Derek", "Ng", "<dng@jhu.edu>;", "Alvaro", "Munoz"),
                        family = "<amunoz@jhu.edu>",
                        role = "aut",
                        email = "amunoz@jhu.edu"),
                 person(given = "Daniel",
                        family = "Antiporta",
                        role = "cre",
                        email = "dantiporta@jhu.edu"))
  as necessary.
Flavors: r-devel-linux-x86_64-debian-clang, r-devel-linux-x86_64-debian-gcc