Last updated on 2025-10-28 01:50:36 CET.
| Flavor | Version | Tinstall | Tcheck | Ttotal | Status | Flags |
|---|---|---|---|---|---|---|
| r-devel-linux-x86_64-debian-clang | 2.1.2 | 48.00 | 90.06 | 138.06 | WARN | |
| r-devel-linux-x86_64-debian-gcc | 2.1.2 | 28.47 | 63.21 | 91.68 | WARN | |
| r-devel-linux-x86_64-fedora-clang | 2.1.3 | 134.00 | 118.87 | 252.87 | OK | |
| r-devel-linux-x86_64-fedora-gcc | 2.1.3 | 29.00 | 204.06 | 233.06 | OK | |
| r-devel-windows-x86_64 | 2.1.2 | 58.00 | 209.00 | 267.00 | WARN | |
| r-patched-linux-x86_64 | 2.1.2 | 47.59 | 85.09 | 132.68 | WARN | |
| r-release-linux-x86_64 | 2.1.2 | 47.38 | 85.31 | 132.69 | WARN | |
| r-release-macos-arm64 | 2.1.3 | 19.00 | 126.00 | 145.00 | OK | |
| r-release-macos-x86_64 | 2.1.3 | 45.00 | 336.00 | 381.00 | OK | |
| r-release-windows-x86_64 | 2.1.2 | 59.00 | 206.00 | 265.00 | WARN | |
| r-oldrel-macos-arm64 | 2.1.3 | 19.00 | 83.00 | 102.00 | OK | |
| r-oldrel-macos-x86_64 | 2.1.3 | 56.00 | 686.00 | 742.00 | OK | |
| r-oldrel-windows-x86_64 | 2.1.2 | 68.00 | 243.00 | 311.00 | WARN |
Version: 2.1.2
Check: whether package can be installed
Result: WARN
Found the following significant warnings:
agenbag-gradients.cpp:100:53: warning: 'from<double, arma::Mat<double>>' is deprecated: replace conv_to<...>::from(X) with as_scalar(X) [-Wdeprecated-declarations]
convolution-with-quantiles.cpp:85:53: warning: 'from<double, arma::Mat<double>>' is deprecated: replace conv_to<...>::from(X) with as_scalar(X) [-Wdeprecated-declarations]
quantile-filter.cpp:67:53: warning: 'from<double, arma::Mat<double>>' is deprecated: replace conv_to<...>::from(X) with as_scalar(X) [-Wdeprecated-declarations]
See ‘/home/hornik/tmp/R.check/r-devel-clang/Work/PKGS/imagine.Rcheck/00install.out’ for details.
* used C++ compiler: ‘Debian clang version 19.1.7 (7)’
Flavor: r-devel-linux-x86_64-debian-clang
Version: 2.1.2
Check: whether package can be installed
Result: WARN
Found the following significant warnings:
agenbag-gradients.cpp:100:57: warning: ‘static out_eT arma::conv_to<out_eT>::from(const arma::Base<eT2, expr>&, const typename arma::arma_not_cx<in_eT>::result*) [with in_eT = double; T1 = arma::Mat<double>; out_eT = double; typename arma::arma_not_cx<in_eT>::result = double]’ is deprecated: replace conv_to<...>::from(X) with as_scalar(X) [-Wdeprecated-declarations]
convolution-with-quantiles.cpp:85:57: warning: ‘static out_eT arma::conv_to<out_eT>::from(const arma::Base<eT2, expr>&, const typename arma::arma_not_cx<in_eT>::result*) [with in_eT = double; T1 = arma::Mat<double>; out_eT = double; typename arma::arma_not_cx<in_eT>::result = double]’ is deprecated: replace conv_to<...>::from(X) with as_scalar(X) [-Wdeprecated-declarations]
quantile-filter.cpp:67:57: warning: ‘static out_eT arma::conv_to<out_eT>::from(const arma::Base<eT2, expr>&, const typename arma::arma_not_cx<in_eT>::result*) [with in_eT = double; T1 = arma::Mat<double>; out_eT = double; typename arma::arma_not_cx<in_eT>::result = double]’ is deprecated: replace conv_to<...>::from(X) with as_scalar(X) [-Wdeprecated-declarations]
See ‘/home/hornik/tmp/R.check/r-devel-gcc/Work/PKGS/imagine.Rcheck/00install.out’ for details.
* used C++ compiler: ‘g++-15 (Debian 15.2.0-4) 15.2.0’
Flavor: r-devel-linux-x86_64-debian-gcc
Version: 2.1.2
Check: whether package can be installed
Result: WARN
Found the following significant warnings:
agenbag-gradients.cpp:100:57: warning: 'static out_eT arma::conv_to<out_eT>::from(const arma::Base<eT2, expr>&, const typename arma::arma_not_cx<in_eT>::result*) [with in_eT = double; T1 = arma::Mat<double>; out_eT = double; typename arma::arma_not_cx<in_eT>::result = double]' is deprecated: replace conv_to<...>::from(X) with as_scalar(X) [-Wdeprecated-declarations]
convolution-with-quantiles.cpp:85:57: warning: 'static out_eT arma::conv_to<out_eT>::from(const arma::Base<eT2, expr>&, const typename arma::arma_not_cx<in_eT>::result*) [with in_eT = double; T1 = arma::Mat<double>; out_eT = double; typename arma::arma_not_cx<in_eT>::result = double]' is deprecated: replace conv_to<...>::from(X) with as_scalar(X) [-Wdeprecated-declarations]
quantile-filter.cpp:67:57: warning: 'static out_eT arma::conv_to<out_eT>::from(const arma::Base<eT2, expr>&, const typename arma::arma_not_cx<in_eT>::result*) [with in_eT = double; T1 = arma::Mat<double>; out_eT = double; typename arma::arma_not_cx<in_eT>::result = double]' is deprecated: replace conv_to<...>::from(X) with as_scalar(X) [-Wdeprecated-declarations]
See 'd:/Rcompile/CRANpkg/local/4.6/imagine.Rcheck/00install.out' for details.
* used C++ compiler: 'g++.exe (GCC) 14.2.0'
Flavor: r-devel-windows-x86_64
Version: 2.1.2
Check: whether package can be installed
Result: WARN
Found the following significant warnings:
agenbag-gradients.cpp:100:57: warning: ‘static out_eT arma::conv_to<out_eT>::from(const arma::Base<eT2, expr>&, const typename arma::arma_not_cx<in_eT>::result*) [with in_eT = double; T1 = arma::Mat<double>; out_eT = double; typename arma::arma_not_cx<in_eT>::result = double]’ is deprecated: replace conv_to<...>::from(X) with as_scalar(X) [-Wdeprecated-declarations]
convolution-with-quantiles.cpp:85:57: warning: ‘static out_eT arma::conv_to<out_eT>::from(const arma::Base<eT2, expr>&, const typename arma::arma_not_cx<in_eT>::result*) [with in_eT = double; T1 = arma::Mat<double>; out_eT = double; typename arma::arma_not_cx<in_eT>::result = double]’ is deprecated: replace conv_to<...>::from(X) with as_scalar(X) [-Wdeprecated-declarations]
quantile-filter.cpp:67:57: warning: ‘static out_eT arma::conv_to<out_eT>::from(const arma::Base<eT2, expr>&, const typename arma::arma_not_cx<in_eT>::result*) [with in_eT = double; T1 = arma::Mat<double>; out_eT = double; typename arma::arma_not_cx<in_eT>::result = double]’ is deprecated: replace conv_to<...>::from(X) with as_scalar(X) [-Wdeprecated-declarations]
See ‘/home/hornik/tmp/R.check/r-patched-gcc/Work/PKGS/imagine.Rcheck/00install.out’ for details.
* used C++ compiler: ‘g++-14 (Debian 14.3.0-8) 14.3.0’
Flavor: r-patched-linux-x86_64
Version: 2.1.2
Check: whether package can be installed
Result: WARN
Found the following significant warnings:
agenbag-gradients.cpp:100:57: warning: ‘static out_eT arma::conv_to<out_eT>::from(const arma::Base<eT2, expr>&, const typename arma::arma_not_cx<in_eT>::result*) [with in_eT = double; T1 = arma::Mat<double>; out_eT = double; typename arma::arma_not_cx<in_eT>::result = double]’ is deprecated: replace conv_to<...>::from(X) with as_scalar(X) [-Wdeprecated-declarations]
convolution-with-quantiles.cpp:85:57: warning: ‘static out_eT arma::conv_to<out_eT>::from(const arma::Base<eT2, expr>&, const typename arma::arma_not_cx<in_eT>::result*) [with in_eT = double; T1 = arma::Mat<double>; out_eT = double; typename arma::arma_not_cx<in_eT>::result = double]’ is deprecated: replace conv_to<...>::from(X) with as_scalar(X) [-Wdeprecated-declarations]
quantile-filter.cpp:67:57: warning: ‘static out_eT arma::conv_to<out_eT>::from(const arma::Base<eT2, expr>&, const typename arma::arma_not_cx<in_eT>::result*) [with in_eT = double; T1 = arma::Mat<double>; out_eT = double; typename arma::arma_not_cx<in_eT>::result = double]’ is deprecated: replace conv_to<...>::from(X) with as_scalar(X) [-Wdeprecated-declarations]
See ‘/home/hornik/tmp/R.check/r-release-gcc/Work/PKGS/imagine.Rcheck/00install.out’ for details.
* used C++ compiler: ‘g++-14 (Debian 14.3.0-8) 14.3.0’
Flavor: r-release-linux-x86_64
Version: 2.1.2
Check: whether package can be installed
Result: WARN
Found the following significant warnings:
agenbag-gradients.cpp:100:57: warning: 'static out_eT arma::conv_to<out_eT>::from(const arma::Base<eT2, expr>&, const typename arma::arma_not_cx<in_eT>::result*) [with in_eT = double; T1 = arma::Mat<double>; out_eT = double; typename arma::arma_not_cx<in_eT>::result = double]' is deprecated: replace conv_to<...>::from(X) with as_scalar(X) [-Wdeprecated-declarations]
convolution-with-quantiles.cpp:85:57: warning: 'static out_eT arma::conv_to<out_eT>::from(const arma::Base<eT2, expr>&, const typename arma::arma_not_cx<in_eT>::result*) [with in_eT = double; T1 = arma::Mat<double>; out_eT = double; typename arma::arma_not_cx<in_eT>::result = double]' is deprecated: replace conv_to<...>::from(X) with as_scalar(X) [-Wdeprecated-declarations]
quantile-filter.cpp:67:57: warning: 'static out_eT arma::conv_to<out_eT>::from(const arma::Base<eT2, expr>&, const typename arma::arma_not_cx<in_eT>::result*) [with in_eT = double; T1 = arma::Mat<double>; out_eT = double; typename arma::arma_not_cx<in_eT>::result = double]' is deprecated: replace conv_to<...>::from(X) with as_scalar(X) [-Wdeprecated-declarations]
See 'd:/Rcompile/CRANpkg/local/4.5/imagine.Rcheck/00install.out' for details.
* used C++ compiler: 'g++.exe (GCC) 14.2.0'
Flavor: r-release-windows-x86_64
Version: 2.1.2
Check: whether package can be installed
Result: WARN
Found the following significant warnings:
agenbag-gradients.cpp:100:57: warning: 'static out_eT arma::conv_to<out_eT>::from(const arma::Base<eT2, expr>&, const typename arma::arma_not_cx<in_eT>::result*) [with in_eT = double; T1 = arma::Mat<double>; out_eT = double; typename arma::arma_not_cx<in_eT>::result = double]' is deprecated: replace conv_to<...>::from(X) with as_scalar(X) [-Wdeprecated-declarations]
convolution-with-quantiles.cpp:85:57: warning: 'static out_eT arma::conv_to<out_eT>::from(const arma::Base<eT2, expr>&, const typename arma::arma_not_cx<in_eT>::result*) [with in_eT = double; T1 = arma::Mat<double>; out_eT = double; typename arma::arma_not_cx<in_eT>::result = double]' is deprecated: replace conv_to<...>::from(X) with as_scalar(X) [-Wdeprecated-declarations]
quantile-filter.cpp:67:57: warning: 'static out_eT arma::conv_to<out_eT>::from(const arma::Base<eT2, expr>&, const typename arma::arma_not_cx<in_eT>::result*) [with in_eT = double; T1 = arma::Mat<double>; out_eT = double; typename arma::arma_not_cx<in_eT>::result = double]' is deprecated: replace conv_to<...>::from(X) with as_scalar(X) [-Wdeprecated-declarations]
See 'd:/Rcompile/CRANpkg/local/4.4/imagine.Rcheck/00install.out' for details.
* used C++ compiler: 'g++.exe (GCC) 13.3.0'
Flavor: r-oldrel-windows-x86_64