Last updated on 2025-10-31 01:49:00 CET.
| Flavor | Version | Tinstall | Tcheck | Ttotal | Status | Flags | 
|---|---|---|---|---|---|---|
| r-devel-linux-x86_64-debian-clang | 0.1.0 | 1.73 | 27.39 | 29.12 | NOTE | |
| r-devel-linux-x86_64-debian-gcc | 0.1.0 | 1.28 | 22.20 | 23.48 | NOTE | |
| r-devel-linux-x86_64-fedora-clang | 0.1.0 | 47.45 | OK | |||
| r-devel-linux-x86_64-fedora-gcc | 0.1.0 | 55.57 | OK | |||
| r-devel-windows-x86_64 | 0.1.0 | 3.00 | 48.00 | 51.00 | OK | |
| r-patched-linux-x86_64 | 0.1.0 | 1.95 | 26.24 | 28.19 | OK | |
| r-release-linux-x86_64 | 0.1.0 | 1.67 | 26.13 | 27.80 | OK | |
| r-release-macos-arm64 | 0.1.0 | 1.00 | 24.00 | 25.00 | OK | |
| r-release-macos-x86_64 | 0.1.0 | 2.00 | 43.00 | 45.00 | OK | |
| r-release-windows-x86_64 | 0.1.0 | 5.00 | 55.00 | 60.00 | OK | |
| r-oldrel-macos-arm64 | 0.1.0 | 1.00 | 23.00 | 24.00 | OK | |
| r-oldrel-macos-x86_64 | 0.1.0 | 2.00 | 35.00 | 37.00 | OK | |
| r-oldrel-windows-x86_64 | 0.1.0 | 5.00 | 56.00 | 61.00 | OK | 
Version: 0.1.0
Check: CRAN incoming feasibility
Result: NOTE
  Maintainer: ‘Ivan Skliarov <i.skliarov@student.uw.edu.pl>’
  
  No Authors@R field in DESCRIPTION.
  Please add one, modifying
    Authors@R: person(given = "Ivan",
                      family = "Skliarov",
                      role = c("aut", "cre"),
                      email = "i.skliarov@student.uw.edu.pl")
  as necessary.
Flavors: r-devel-linux-x86_64-debian-clang, r-devel-linux-x86_64-debian-gcc