Last updated on 2024-08-16 01:48:21 CEST.
Flavor | Version | Tinstall | Tcheck | Ttotal | Status | Flags |
---|---|---|---|---|---|---|
r-devel-linux-x86_64-debian-clang | 0.8.0 | 14.35 | 107.06 | 121.41 | NOTE | |
r-devel-linux-x86_64-debian-gcc | 0.8.0 | 10.49 | 99.07 | 109.56 | NOTE | |
r-devel-linux-x86_64-fedora-clang | 0.8.0 | 237.31 | NOTE | |||
r-devel-linux-x86_64-fedora-gcc | 0.8.0 | 231.54 | NOTE | |||
r-devel-windows-x86_64 | 0.8.0 | 18.00 | 140.00 | 158.00 | NOTE | |
r-patched-linux-x86_64 | 0.8.0 | 16.04 | 121.88 | 137.92 | NOTE | |
r-release-linux-x86_64 | 0.8.0 | 14.09 | 119.95 | 134.04 | NOTE | |
r-release-macos-arm64 | 0.8.0 | 61.00 | NOTE | |||
r-release-macos-x86_64 | 0.8.0 | 121.00 | NOTE | |||
r-release-windows-x86_64 | 0.8.0 | 17.00 | 147.00 | 164.00 | NOTE | |
r-oldrel-macos-arm64 | 0.8.0 | 67.00 | NOTE | |||
r-oldrel-macos-x86_64 | 0.8.0 | 119.00 | NOTE | |||
r-oldrel-windows-x86_64 | 0.8.0 | 19.00 | 171.00 | 190.00 | NOTE |
Version: 0.8.0
Check: LazyData
Result: NOTE
'LazyData' is specified without a 'data' directory
Flavors: r-devel-linux-x86_64-debian-clang, r-devel-linux-x86_64-debian-gcc, r-devel-linux-x86_64-fedora-clang, r-devel-linux-x86_64-fedora-gcc, r-devel-windows-x86_64, r-patched-linux-x86_64, r-release-linux-x86_64, r-release-macos-arm64, r-release-macos-x86_64, r-release-windows-x86_64, r-oldrel-macos-arm64, r-oldrel-macos-x86_64, r-oldrel-windows-x86_64