Last updated on 2024-05-27 02:48:06 CEST.
Flavor | Version | Tinstall | Tcheck | Ttotal | Status | Flags |
---|---|---|---|---|---|---|
r-devel-linux-x86_64-debian-clang | 1.0.1 | 87.57 | 463.03 | 550.60 | NOTE | |
r-devel-linux-x86_64-debian-gcc | 1.0.1 | 70.39 | 349.27 | 419.66 | NOTE | |
r-devel-linux-x86_64-fedora-clang | 1.0.1 | 683.13 | NOTE | |||
r-devel-linux-x86_64-fedora-gcc | 1.0.1 | 692.88 | NOTE | |||
r-devel-windows-x86_64 | 1.0.1 | 69.00 | 310.00 | 379.00 | NOTE | |
r-patched-linux-x86_64 | 1.0.1 | 79.18 | 441.97 | 521.15 | NOTE | |
r-release-linux-x86_64 | 1.0.1 | 84.98 | 451.51 | 536.49 | NOTE | |
r-release-macos-arm64 | 1.0.1 | 173.00 | NOTE | |||
r-release-windows-x86_64 | 1.0.1 | 70.00 | 314.00 | 384.00 | NOTE | |
r-oldrel-macos-arm64 | 1.0.1 | 189.00 | NOTE | |||
r-oldrel-macos-x86_64 | 1.0.1 | 366.00 | NOTE | |||
r-oldrel-windows-x86_64 | 1.0.1 | 94.00 | 448.00 | 542.00 | NOTE |
Version: 1.0.1
Check: C++ specification
Result: NOTE
Specified C++11: please drop specification unless essential
Flavors: r-devel-linux-x86_64-debian-clang, r-devel-linux-x86_64-debian-gcc, r-devel-linux-x86_64-fedora-clang, r-devel-linux-x86_64-fedora-gcc, r-devel-windows-x86_64, r-patched-linux-x86_64, r-release-linux-x86_64, r-release-macos-arm64, r-release-windows-x86_64, r-oldrel-macos-arm64, r-oldrel-macos-x86_64, r-oldrel-windows-x86_64