Last updated on 2024-08-16 01:48:21 CEST.
Flavor | Version | Tinstall | Tcheck | Ttotal | Status | Flags |
---|---|---|---|---|---|---|
r-devel-linux-x86_64-debian-clang | 0.2.0 | 29.81 | 156.52 | 186.33 | NOTE | |
r-devel-linux-x86_64-debian-gcc | 0.2.0 | 20.54 | 101.07 | 121.61 | NOTE | |
r-devel-linux-x86_64-fedora-clang | 0.2.0 | 296.09 | NOTE | |||
r-devel-linux-x86_64-fedora-gcc | 0.2.0 | 278.56 | NOTE | |||
r-devel-windows-x86_64 | 0.2.0 | 28.00 | 152.00 | 180.00 | NOTE | |
r-patched-linux-x86_64 | 0.2.0 | 29.39 | 144.10 | 173.49 | NOTE | |
r-release-linux-x86_64 | 0.2.0 | 29.58 | 146.09 | 175.67 | NOTE | |
r-release-macos-arm64 | 0.2.0 | 76.00 | NOTE | |||
r-release-macos-x86_64 | 0.2.0 | 118.00 | NOTE | |||
r-release-windows-x86_64 | 0.2.0 | 28.00 | 162.00 | 190.00 | NOTE | |
r-oldrel-macos-arm64 | 0.2.0 | 70.00 | OK | |||
r-oldrel-macos-x86_64 | 0.2.0 | 150.00 | OK | |||
r-oldrel-windows-x86_64 | 0.2.0 | 39.00 | 199.00 | 238.00 | OK |
Version: 0.2.0
Check: Rd files
Result: NOTE
checkRd: (-1) est_mg.Rd:284: Lost braces
284 | item parameter estimates across the groups in the code{\link{est_mg}} function.
| ^
checkRd: (-1) llike_score.Rd:22: Lost braces
22 | function. See \code{\link{est_irt}}, \code{\link{irtfit}}, \\code{\link{info}},
| ^
Flavors: r-devel-linux-x86_64-debian-clang, r-devel-linux-x86_64-debian-gcc, r-devel-linux-x86_64-fedora-clang, r-devel-linux-x86_64-fedora-gcc, r-devel-windows-x86_64, r-patched-linux-x86_64, r-release-linux-x86_64, r-release-macos-arm64, r-release-macos-x86_64, r-release-windows-x86_64