Last updated on 2025-10-21 01:48:35 CEST.
Flavor | Version | Tinstall | Tcheck | Ttotal | Status | Flags |
---|---|---|---|---|---|---|
r-devel-linux-x86_64-debian-clang | 2.4.0 | 13.52 | 92.18 | 105.70 | OK | |
r-devel-linux-x86_64-debian-gcc | 2.4.0 | 8.84 | 63.75 | 72.59 | NOTE | |
r-devel-linux-x86_64-fedora-clang | 2.4.0 | 158.85 | OK | |||
r-devel-linux-x86_64-fedora-gcc | 2.4.0 | 139.12 | OK | |||
r-devel-windows-x86_64 | 2.4.0 | 14.00 | 106.00 | 120.00 | OK | |
r-patched-linux-x86_64 | 2.4.0 | 13.83 | 85.42 | 99.25 | OK | |
r-release-linux-x86_64 | 2.4.0 | 11.07 | 85.78 | 96.85 | OK | |
r-release-macos-arm64 | 2.4.0 | 44.00 | OK | |||
r-release-macos-x86_64 | 2.4.0 | 78.00 | OK | |||
r-release-windows-x86_64 | 2.4.0 | 14.00 | 107.00 | 121.00 | OK | |
r-oldrel-macos-arm64 | 2.4.0 | 46.00 | OK | |||
r-oldrel-macos-x86_64 | 2.4.0 | 81.00 | OK | |||
r-oldrel-windows-x86_64 | 2.4.0 | 19.00 | 130.00 | 149.00 | OK |
Version: 2.4.0
Check: HTML version of manual
Result: NOTE
Found the following HTML validation problems:
diagnostic.html:50:1 (diagnostic.Rd:12): Warning: missing </ul> before </div>
diagnostic.b3lmeta.html:79:1 (diagnostic.b3lmeta.Rd:30): Warning: missing </ul> before </div>
diagnostic.bcdpmeta.html:159:1 (diagnostic.bcdpmeta.Rd:78): Warning: missing </ul> before </div>
diagnostic.bcmeta.html:159:1 (diagnostic.bcmeta.Rd:78): Warning: missing </ul> before </div>
diagnostic.bcmixmeta.html:164:1 (diagnostic.bcmixmeta.Rd:81): Warning: missing </ul> before </div>
diagnostic.bmeta.html:84:1 (diagnostic.bmeta.Rd:33): Warning: missing </ul> before </div>
diagnostic.hmr.html:119:1 (diagnostic.hmr.Rd:54): Warning: missing </ul> before </div>
diagnostic.metarisk.html:79:1 (diagnostic.metarisk.Rd:30): Warning: missing </ul> before </div>
effect.html:50:1 (effect.Rd:12): Warning: missing </ul> before </div>
effect.hmr.html:154:1 (effect.hmr.Rd:75): Warning: missing </ul> before </div>
forestplot_compare.html:197:1 (forestplot_compare.Rd:102): Warning: missing </ul> before </div>
plot.b3lmeta.html:98:1 (plot.b3lmeta.Rd:44): Warning: missing </ul> before </div>
plot.bcbnp.html:152:1 (plot.bcbnp.Rd:75): Warning: missing </ul> before </div>
plot.bcdpmeta.html:84:1 (plot.bcdpmeta.Rd:33): Warning: missing </ul> before </div>
plot.bcmeta.html:84:1 (plot.bcmeta.Rd:33): Warning: missing </ul> before </div>
plot.bcmixmeta.html:152:1 (plot.bcmixmeta.Rd:75): Warning: missing </ul> before </div>
plot.bmeta.html:165:1 (plot.bmeta.Rd:82): Warning: missing </ul> before </div>
plot.dpmeta.html:146:1 (plot.dpmeta.Rd:71): Warning: missing </ul> before </div>
plot.dpmmeta.html:79:1 (plot.dpmmeta.Rd:30): Warning: missing </ul> before </div>
plot.hmr.html:94:1 (plot.hmr.Rd:39): Warning: missing </ul> before </div>
plot.metarisk.html:79:1 (plot.metarisk.Rd:30): Warning: missing </ul> before </div>
plot.simData.html:73:1 (plot.simData.Rd:23): Warning: missing </ul> before </div>
print.b3lmeta.html:55:1 (print.b3lmeta.Rd:14): Warning: missing </ul> before </div>
print.bcdpmeta.html:55:1 (print.bcdpmeta.Rd:14): Warning: missing </ul> before </div>
print.bchmr.html:60:1 (print.bchmr.Rd:17): Warning: missing </ul> before </div>
print.bcmeta.html:55:1 (print.bcmeta.Rd:14): Warning: missing </ul> before </div>
print.bcmixmeta.html:55:1 (print.bcmixmeta.Rd:14): Warning: missing </ul> before </div>
print.bmeta.html:55:1 (print.bmeta.Rd:14): Warning: missing </ul> before </div>
print.dpmeta.html:55:1 (print.dpmeta.Rd:14): Warning: missing </ul> before </div>
print.dpmetareg.html:55:1 (print.dpmetareg.Rd:14): Warning: missing </ul> before </div>
print.dpmmeta.html:55:1 (print.dpmmeta.Rd:14): Warning: missing </ul> before </div>
print.hmr.html:60:1 (print.hmr.Rd:17): Warning: missing </ul> before </div>
print.metarisk.html:55:1 (print.metarisk.Rd:14): Warning: missing </ul> before </div>
print.simData.html:51:1 (print.simData.Rd:12): Warning: missing </ul> before </div>
summary.b3lmeta.html:55:1 (summary.b3lmeta.Rd:14): Warning: missing </ul> before </div>
summary.bcbnp.html:63:1 (summary.bcbnp.Rd:18): Warning: missing </ul> before </div>
summary.bcdpmeta.html:55:1 (summary.bcdpmeta.Rd:14): Warning: missing </ul> before </div>
summary.bcmeta.html:55:1 (summary.bcmeta.Rd:14): Warning: missing </ul> before </div>
summary.bmeta.html:59:1 (summary.bmeta.Rd:16): Warning: missing </ul> before </div>
summary.dpmeta.html:55:1 (summary.dpmeta.Rd:14): Warning: missing </ul> before </div>
summary.dpmmeta.html:55:1 (summary.dpmmeta.Rd:14): Warning: missing </ul> before </div>
summary.hmr.html:55:1 (summary.hmr.Rd:14): Warning: missing </ul> before </div>
summary.metarisk.html:55:1 (summary.metarisk.Rd:14): Warning: missing </ul> before </div>
Flavor: r-devel-linux-x86_64-debian-gcc