Last updated on 2024-08-16 01:48:21 CEST.
Flavor | Version | Tinstall | Tcheck | Ttotal | Status | Flags |
---|---|---|---|---|---|---|
r-devel-linux-x86_64-debian-clang | 1.1.1 | 154.30 | 30.07 | 184.37 | NOTE | |
r-devel-linux-x86_64-debian-gcc | 1.1.1 | 108.53 | 23.28 | 131.81 | NOTE | |
r-devel-linux-x86_64-fedora-clang | 1.1.1 | 390.94 | NOTE | |||
r-devel-linux-x86_64-fedora-gcc | 1.1.1 | 383.20 | NOTE | |||
r-devel-windows-x86_64 | 1.1.1 | 171.00 | 76.00 | 247.00 | NOTE | |
r-patched-linux-x86_64 | 1.1.1 | 149.53 | 28.70 | 178.23 | NOTE | |
r-release-linux-x86_64 | 1.1.1 | 148.34 | 28.54 | 176.88 | NOTE | |
r-release-macos-arm64 | 1.1.1 | 76.00 | NOTE | |||
r-release-macos-x86_64 | 1.1.1 | 72.00 | NOTE | |||
r-release-windows-x86_64 | 1.1.1 | 171.00 | 84.00 | 255.00 | NOTE | |
r-oldrel-macos-arm64 | 1.1.1 | 97.00 | NOTE | |||
r-oldrel-macos-x86_64 | 1.1.1 | 174.00 | NOTE | |||
r-oldrel-windows-x86_64 | 1.1.1 | 199.00 | 88.00 | 287.00 | NOTE |
Version: 1.1.1
Check: C++ specification
Result: NOTE
Specified C++11: please drop specification unless essential
Flavors: r-devel-linux-x86_64-debian-clang, r-devel-linux-x86_64-debian-gcc, r-devel-linux-x86_64-fedora-clang, r-devel-linux-x86_64-fedora-gcc, r-devel-windows-x86_64, r-patched-linux-x86_64, r-release-linux-x86_64, r-release-macos-arm64, r-release-macos-x86_64, r-release-windows-x86_64, r-oldrel-macos-arm64, r-oldrel-macos-x86_64, r-oldrel-windows-x86_64
Version: 1.1.1
Check: installed package size
Result: NOTE
installed size is 6.6Mb
sub-directories of 1Mb or more:
data 1.1Mb
libs 5.4Mb
Flavors: r-release-macos-arm64, r-release-macos-x86_64, r-oldrel-macos-arm64, r-oldrel-macos-x86_64