Last updated on 2024-07-27 01:53:14 CEST.
Flavor | Version | Tinstall | Tcheck | Ttotal | Status | Flags |
---|---|---|---|---|---|---|
r-devel-linux-x86_64-debian-clang | 2.1.0 | 13.04 | 232.72 | 245.76 | OK | |
r-devel-linux-x86_64-debian-gcc | 2.1.0 | 9.21 | 176.28 | 185.49 | OK | |
r-devel-linux-x86_64-fedora-clang | 2.1.0 | 310.45 | NOTE | |||
r-devel-linux-x86_64-fedora-gcc | 2.1.0 | 299.01 | NOTE | |||
r-devel-windows-x86_64 | 2.1.0 | 13.00 | 189.00 | 202.00 | OK | |
r-patched-linux-x86_64 | 2.1.0 | OK | ||||
r-release-linux-x86_64 | 2.1.0 | 11.03 | 218.06 | 229.09 | OK | |
r-release-macos-arm64 | 2.1.0 | 77.00 | OK | |||
r-release-macos-x86_64 | 2.1.0 | 192.00 | OK | |||
r-release-windows-x86_64 | 2.1.0 | 11.00 | 185.00 | 196.00 | OK | |
r-oldrel-macos-arm64 | 2.1.0 | 74.00 | OK | |||
r-oldrel-macos-x86_64 | 2.1.0 | 136.00 | OK | |||
r-oldrel-windows-x86_64 | 2.1.0 | 18.00 | 238.00 | 256.00 | OK |
Version: 2.1.0
Check: data for non-ASCII characters
Result: NOTE
Note: found 176 marked UTF-8 strings
Flavors: r-devel-linux-x86_64-fedora-clang, r-devel-linux-x86_64-fedora-gcc