CRAN Package Check Results for Package krige

Last updated on 2025-11-24 02:50:06 CET.

Flavor Version Tinstall Tcheck Ttotal Status Flags
r-devel-linux-x86_64-debian-clang 0.6.2 12.55 39.41 51.96 NOTE
r-devel-linux-x86_64-debian-gcc 0.6.2 9.55 29.99 39.54 NOTE
r-devel-linux-x86_64-fedora-clang 0.6.2 33.00 47.99 80.99 OK
r-devel-linux-x86_64-fedora-gcc 0.6.2 23.00 52.41 75.41 OK
r-devel-windows-x86_64 0.6.2 18.00 75.00 93.00 OK
r-patched-linux-x86_64 0.6.2 13.37 35.83 49.20 OK
r-release-linux-x86_64 0.6.2 12.58 36.57 49.15 OK
r-release-macos-arm64 0.6.2 OK
r-release-macos-x86_64 0.6.2 13.00 34.00 47.00 OK
r-release-windows-x86_64 0.6.2 18.00 88.00 106.00 OK
r-oldrel-macos-arm64 0.6.2 OK
r-oldrel-macos-x86_64 0.6.2 11.00 28.00 39.00 OK
r-oldrel-windows-x86_64 0.6.2 15.00 89.00 104.00 OK

Check Details

Version: 0.6.2
Check: CRAN incoming feasibility
Result: NOTE Maintainer: ‘Jason S. Byers <jaybyers55@gmail.com>’ No Authors@R field in DESCRIPTION. Please add one, modifying Authors@R: c(person(given = c("Jason", "S."), family = "Byers", role = c("aut", "cre"), email = "jaybyers55@gmail.com"), person(family = "Le Bao", role = "aut"), person(given = "Jamie", family = "Carson", role = "aut"), person(given = "Jeff", family = "Gill", role = "aut")) as necessary. Flavors: r-devel-linux-x86_64-debian-clang, r-devel-linux-x86_64-debian-gcc