Last updated on 2024-08-16 01:48:22 CEST.
Flavor | Version | Tinstall | Tcheck | Ttotal | Status | Flags |
---|---|---|---|---|---|---|
r-devel-linux-x86_64-debian-clang | 1.0.1 | 48.00 | 138.45 | 186.45 | NOTE | |
r-devel-linux-x86_64-debian-gcc | 1.0.1 | 21.89 | 86.87 | 108.76 | NOTE | |
r-devel-linux-x86_64-fedora-clang | 1.0.1 | 265.34 | NOTE | |||
r-devel-linux-x86_64-fedora-gcc | 1.0.1 | 253.25 | NOTE | |||
r-devel-windows-x86_64 | 1.0.1 | 55.00 | 172.00 | 227.00 | NOTE | |
r-patched-linux-x86_64 | 1.0.1 | 53.42 | 126.86 | 180.28 | NOTE | |
r-release-linux-x86_64 | 1.0.1 | 51.90 | 125.45 | 177.35 | NOTE | |
r-release-macos-arm64 | 1.0.1 | 111.00 | NOTE | |||
r-release-macos-x86_64 | 1.0.1 | 208.00 | NOTE | |||
r-release-windows-x86_64 | 1.0.1 | 64.00 | 173.00 | 237.00 | NOTE | |
r-oldrel-macos-arm64 | 1.0.1 | 154.00 | NOTE | |||
r-oldrel-macos-x86_64 | 1.0.1 | 203.00 | NOTE | |||
r-oldrel-windows-x86_64 | 1.0.1 | 47.00 | 203.00 | 250.00 | OK |
Version: 1.0.1
Check: Rd files
Result: NOTE
checkRd: (-1) ln_quantile_value.Rd:44: Lost braces in \itemize; \value handles \item{}{} directly
checkRd: (-1) ln_quantile_value.Rd:45: Lost braces in \itemize; \value handles \item{}{} directly
checkRd: (-1) ln_quantile_value.Rd:46: Lost braces in \itemize; \value handles \item{}{} directly
checkRd: (-1) ln_quantile_value.Rd:47: Lost braces in \itemize; \value handles \item{}{} directly
checkRd: (-1) ln_quantile_value.Rd:48: Lost braces in \itemize; \value handles \item{}{} directly
checkRd: (-1) ln_quantile_value.Rd:49: Lost braces in \itemize; \value handles \item{}{} directly
Flavors: r-devel-linux-x86_64-debian-clang, r-devel-linux-x86_64-debian-gcc, r-devel-linux-x86_64-fedora-clang, r-devel-linux-x86_64-fedora-gcc, r-devel-windows-x86_64, r-patched-linux-x86_64, r-release-linux-x86_64, r-release-macos-arm64, r-release-macos-x86_64, r-release-windows-x86_64
Version: 1.0.1
Check: installed package size
Result: NOTE
installed size is 5.4Mb
sub-directories of 1Mb or more:
R 5.2Mb
Flavors: r-release-macos-arm64, r-release-macos-x86_64, r-oldrel-macos-arm64, r-oldrel-macos-x86_64