Last updated on 2025-02-10 01:48:24 CET.
Flavor | Version | Tinstall | Tcheck | Ttotal | Status | Flags |
---|---|---|---|---|---|---|
r-devel-linux-x86_64-debian-clang | 1.0.5 | 3.89 | 38.71 | 42.60 | OK | |
r-devel-linux-x86_64-debian-gcc | 1.0.5 | 2.77 | 28.29 | 31.06 | OK | |
r-devel-linux-x86_64-fedora-clang | 1.0.5 | 71.30 | NOTE | |||
r-devel-linux-x86_64-fedora-gcc | 1.0.5 | 76.61 | NOTE | |||
r-devel-windows-x86_64 | 1.0.5 | 5.00 | 66.00 | 71.00 | OK | |
r-patched-linux-x86_64 | 1.0.5 | 3.62 | 35.97 | 39.59 | OK | |
r-release-linux-x86_64 | 1.0.5 | 3.68 | 35.75 | 39.43 | OK | |
r-release-macos-arm64 | 1.0.5 | 38.00 | OK | |||
r-release-macos-x86_64 | 1.0.5 | 52.00 | OK | |||
r-release-windows-x86_64 | 1.0.5 | 6.00 | 60.00 | 66.00 | OK | |
r-oldrel-macos-arm64 | 1.0.5 | 28.00 | OK | |||
r-oldrel-macos-x86_64 | 1.0.5 | 37.00 | OK | |||
r-oldrel-windows-x86_64 | 1.0.5 | 7.00 | 62.00 | 69.00 | OK |
Version: 1.0.5
Check: dependencies in R code
Result: NOTE
Namespace in Imports field not imported from: ‘stringr’
All declared Imports should be used.
Flavors: r-devel-linux-x86_64-fedora-clang, r-devel-linux-x86_64-fedora-gcc