Last updated on 2025-05-17 01:51:08 CEST.
Flavor | Version | Tinstall | Tcheck | Ttotal | Status | Flags |
---|---|---|---|---|---|---|
r-devel-linux-x86_64-debian-clang | 1.0.1 | 47.87 | 107.52 | 155.39 | NOTE | |
r-devel-linux-x86_64-debian-gcc | 1.0.1 | 34.05 | 74.92 | 108.97 | NOTE | |
r-devel-linux-x86_64-fedora-clang | 1.0.1 | 258.71 | OK | |||
r-devel-linux-x86_64-fedora-gcc | 1.0.1 | 260.74 | OK | |||
r-devel-windows-x86_64 | 1.0.1 | 62.00 | 140.00 | 202.00 | NOTE | |
r-patched-linux-x86_64 | 1.0.1 | 45.98 | 96.98 | 142.96 | NOTE | |
r-release-linux-x86_64 | 1.0.1 | 44.04 | 95.89 | 139.93 | NOTE | |
r-release-macos-arm64 | 1.0.1 | 96.00 | OK | |||
r-release-macos-x86_64 | 1.0.1 | 144.00 | OK | |||
r-release-windows-x86_64 | 1.0.1 | 63.00 | 140.00 | 203.00 | NOTE | |
r-oldrel-macos-arm64 | 1.0.1 | 78.00 | OK | |||
r-oldrel-macos-x86_64 | 1.0.1 | 187.00 | OK | |||
r-oldrel-windows-x86_64 | 1.0.1 | 74.00 | 169.00 | 243.00 | OK |
Version: 1.0.1
Check: Rd cross-references
Result: NOTE
Found the following Rd file(s) with Rd \link{} targets missing package
anchors:
bounding_box.Rd: data.table
voxelize.Rd: data.table
Please provide package anchors for all Rd \link{} targets not in the
package itself and the base packages.
Flavors: r-devel-linux-x86_64-debian-clang, r-devel-linux-x86_64-debian-gcc, r-devel-windows-x86_64, r-patched-linux-x86_64, r-release-linux-x86_64, r-release-windows-x86_64