Last updated on 2024-08-16 01:48:22 CEST.
Flavor | Version | Tinstall | Tcheck | Ttotal | Status | Flags |
---|---|---|---|---|---|---|
r-devel-linux-x86_64-debian-clang | 1.4.0 | 57.22 | 176.45 | 233.67 | OK | |
r-devel-linux-x86_64-debian-gcc | 1.4.0 | 42.88 | 128.26 | 171.14 | OK | |
r-devel-linux-x86_64-fedora-clang | 1.4.0 | 395.54 | OK | |||
r-devel-linux-x86_64-fedora-gcc | 1.4.0 | 398.55 | OK | |||
r-devel-windows-x86_64 | 1.4.0 | 64.00 | 236.00 | 300.00 | NOTE | |
r-patched-linux-x86_64 | 1.4.0 | 59.57 | 164.98 | 224.55 | OK | |
r-release-linux-x86_64 | 1.4.0 | 60.87 | 165.26 | 226.13 | OK | |
r-release-macos-arm64 | 1.4.0 | 119.00 | NOTE | |||
r-release-macos-x86_64 | 1.4.0 | 172.00 | NOTE | |||
r-release-windows-x86_64 | 1.4.0 | 68.00 | 233.00 | 301.00 | NOTE | |
r-oldrel-macos-arm64 | 1.4.0 | 139.00 | NOTE | |||
r-oldrel-macos-x86_64 | 1.4.0 | 250.00 | NOTE | |||
r-oldrel-windows-x86_64 | 1.4.0 | 80.00 | 283.00 | 363.00 | NOTE |
Version: 1.4.0
Check: installed package size
Result: NOTE
installed size is 5.7Mb
sub-directories of 1Mb or more:
doc 1.8Mb
libs 1.7Mb
Flavors: r-devel-windows-x86_64, r-release-macos-arm64, r-release-macos-x86_64, r-release-windows-x86_64, r-oldrel-macos-arm64, r-oldrel-macos-x86_64, r-oldrel-windows-x86_64