Last updated on 2024-08-16 01:48:22 CEST.
Flavor | Version | Tinstall | Tcheck | Ttotal | Status | Flags |
---|---|---|---|---|---|---|
r-devel-linux-x86_64-debian-clang | 2.0.0 | 4.07 | 49.08 | 53.15 | NOTE | |
r-devel-linux-x86_64-debian-gcc | 2.0.0 | 3.04 | 34.83 | 37.87 | NOTE | |
r-devel-linux-x86_64-fedora-clang | 2.0.0 | 84.21 | OK | |||
r-devel-linux-x86_64-fedora-gcc | 2.0.0 | 77.75 | OK | |||
r-devel-windows-x86_64 | 2.0.0 | 7.00 | 74.00 | 81.00 | NOTE | |
r-patched-linux-x86_64 | 2.0.0 | 9.12 | 45.93 | 55.05 | OK | |
r-release-linux-x86_64 | 2.0.0 | 3.77 | 45.83 | 49.60 | OK | |
r-release-macos-arm64 | 2.0.0 | 29.00 | OK | |||
r-release-macos-x86_64 | 2.0.0 | 71.00 | OK | |||
r-release-windows-x86_64 | 2.0.0 | 8.00 | 75.00 | 83.00 | OK | |
r-oldrel-macos-arm64 | 2.0.0 | 37.00 | OK | |||
r-oldrel-macos-x86_64 | 2.0.0 | 58.00 | OK | |||
r-oldrel-windows-x86_64 | 2.0.0 | 9.00 | 86.00 | 95.00 | OK |
Version: 2.0.0
Check: Rd cross-references
Result: NOTE
Found the following Rd file(s) with Rd \link{} targets missing package
anchors:
heatmap.Rd: clearGroup, addLayersControl, colorNumeric
omnivore.Rd: addTiles, labelOptions, popupOptions
webglheatmap.Rd: clearGroup, addLayersControl
Please provide package anchors for all Rd \link{} targets not in the
package itself and the base packages.
Flavors: r-devel-linux-x86_64-debian-clang, r-devel-linux-x86_64-debian-gcc, r-devel-windows-x86_64