Last updated on 2025-10-29 01:50:41 CET.
| Flavor | Version | Tinstall | Tcheck | Ttotal | Status | Flags |
|---|---|---|---|---|---|---|
| r-devel-linux-x86_64-debian-clang | 6.5.1 | 1009.67 | 226.14 | 1235.81 | OK | |
| r-devel-linux-x86_64-debian-gcc | 6.6.0 | 510.43 | 175.66 | 686.09 | OK | |
| r-devel-linux-x86_64-fedora-clang | 6.6.0 | 1560.00 | 255.31 | 1815.31 | OK | |
| r-devel-linux-x86_64-fedora-gcc | 6.6.0 | 900.00 | 1012.15 | 1912.15 | OK | |
| r-devel-windows-x86_64 | 6.5.1 | 537.00 | 270.00 | 807.00 | OK | |
| r-patched-linux-x86_64 | 6.5.1 | 641.46 | 218.61 | 860.07 | OK | |
| r-release-linux-x86_64 | 6.5.1 | 775.25 | 217.87 | 993.12 | OK | |
| r-release-macos-arm64 | 6.6.0 | 258.00 | 60.00 | 318.00 | OK | |
| r-release-macos-x86_64 | 6.6.0 | 537.00 | 187.00 | 724.00 | OK | |
| r-release-windows-x86_64 | 6.5.1 | 547.00 | 280.00 | 827.00 | OK | |
| r-oldrel-macos-arm64 | 6.6.0 | 287.00 | 71.00 | 358.00 | NOTE | |
| r-oldrel-macos-x86_64 | 6.6.0 | 597.00 | 231.00 | 828.00 | NOTE | |
| r-oldrel-windows-x86_64 | 6.5.1 | 761.00 | 340.00 | 1101.00 | NOTE |
Version: 6.6.0
Check: installed package size
Result: NOTE
installed size is 92.0Mb
sub-directories of 1Mb or more:
doc 2.6Mb
libs 87.3Mb
Flavors: r-oldrel-macos-arm64, r-oldrel-macos-x86_64
Version: 6.5.1
Check: installed package size
Result: NOTE
installed size is 10.2Mb
sub-directories of 1Mb or more:
doc 2.5Mb
libs 5.8Mb
Flavor: r-oldrel-windows-x86_64