Last updated on 2024-08-16 01:48:22 CEST.
Flavor | Version | Tinstall | Tcheck | Ttotal | Status | Flags |
---|---|---|---|---|---|---|
r-devel-linux-x86_64-debian-clang | 0.1.30 | 207.74 | 35.17 | 242.91 | OK | |
r-devel-linux-x86_64-debian-gcc | 0.1.30 | 153.42 | 27.27 | 180.69 | OK | |
r-devel-linux-x86_64-fedora-clang | 0.1.30 | 463.12 | OK | |||
r-devel-linux-x86_64-fedora-gcc | 0.1.30 | 482.36 | OK | |||
r-devel-windows-x86_64 | 0.1.30 | 365.00 | 89.00 | 454.00 | NOTE | |
r-patched-linux-x86_64 | 0.1.30 | 213.33 | 33.79 | 247.12 | OK | |
r-release-linux-x86_64 | 0.1.30 | 211.33 | 33.71 | 245.04 | OK | |
r-release-macos-arm64 | 0.1.30 | 140.00 | NOTE | |||
r-release-macos-x86_64 | 0.1.30 | 191.00 | NOTE | |||
r-release-windows-x86_64 | 0.1.30 | 375.00 | 92.00 | 467.00 | NOTE | |
r-oldrel-macos-arm64 | 0.1.30 | 133.00 | NOTE | |||
r-oldrel-macos-x86_64 | 0.1.30 | 174.00 | NOTE | |||
r-oldrel-windows-x86_64 | 0.1.30 | 384.00 | 121.00 | 505.00 | NOTE |
Version: 0.1.30
Check: installed package size
Result: NOTE
installed size is 5.8Mb
sub-directories of 1Mb or more:
libs 5.5Mb
Flavors: r-devel-windows-x86_64, r-release-macos-arm64, r-release-macos-x86_64, r-release-windows-x86_64, r-oldrel-macos-arm64, r-oldrel-macos-x86_64, r-oldrel-windows-x86_64