Last updated on 2024-08-16 01:48:22 CEST.
Flavor | Version | Tinstall | Tcheck | Ttotal | Status | Flags |
---|---|---|---|---|---|---|
r-devel-linux-x86_64-debian-clang | 1.0.7 | 52.15 | 87.32 | 139.47 | OK | |
r-devel-linux-x86_64-debian-gcc | 1.0.7 | 42.24 | 61.01 | 103.25 | OK | |
r-devel-linux-x86_64-fedora-clang | 1.0.7 | 237.20 | OK | |||
r-devel-linux-x86_64-fedora-gcc | 1.0.7 | 251.73 | OK | |||
r-devel-windows-x86_64 | 1.0.7 | 60.00 | 121.00 | 181.00 | OK | |
r-patched-linux-x86_64 | 1.0.7 | 55.22 | 81.55 | 136.77 | OK | |
r-release-linux-x86_64 | 1.0.7 | 59.41 | 80.84 | 140.25 | OK | |
r-release-macos-arm64 | 1.0.7 | 66.00 | NOTE | |||
r-release-macos-x86_64 | 1.0.7 | 121.00 | NOTE | |||
r-release-windows-x86_64 | 1.0.7 | 60.00 | 117.00 | 177.00 | OK | |
r-oldrel-macos-arm64 | 1.0.7 | 72.00 | NOTE | |||
r-oldrel-macos-x86_64 | 1.0.7 | 154.00 | NOTE | |||
r-oldrel-windows-x86_64 | 1.0.7 | 51.00 | 146.00 | 197.00 | OK |
Version: 1.0.7
Check: installed package size
Result: NOTE
installed size is 5.1Mb
sub-directories of 1Mb or more:
libs 4.7Mb
Flavors: r-release-macos-arm64, r-release-macos-x86_64, r-oldrel-macos-arm64, r-oldrel-macos-x86_64