Last updated on 2024-07-27 01:53:15 CEST.
Flavor | Version | Tinstall | Tcheck | Ttotal | Status | Flags |
---|---|---|---|---|---|---|
r-devel-linux-x86_64-debian-clang | 1.2.1 | 4.61 | 69.87 | 74.48 | OK | |
r-devel-linux-x86_64-debian-gcc | 1.2.1 | 3.34 | 47.62 | 50.96 | OK | |
r-devel-linux-x86_64-fedora-clang | 1.2.1 | 89.35 | NOTE | |||
r-devel-linux-x86_64-fedora-gcc | 1.2.1 | 80.97 | OK | |||
r-devel-windows-x86_64 | 1.2.1 | 4.00 | 65.00 | 69.00 | OK | |
r-patched-linux-x86_64 | 1.2.1 | OK | ||||
r-release-linux-x86_64 | 1.2.1 | 4.30 | 63.88 | 68.18 | OK | |
r-release-macos-arm64 | 1.2.1 | 23.00 | OK | |||
r-release-macos-x86_64 | 1.2.1 | 41.00 | OK | |||
r-release-windows-x86_64 | 1.2.1 | 5.00 | 64.00 | 69.00 | OK | |
r-oldrel-macos-arm64 | 1.2.1 | 25.00 | OK | |||
r-oldrel-macos-x86_64 | 1.2.1 | 40.00 | OK | |||
r-oldrel-windows-x86_64 | 1.2.1 | 4.00 | 75.00 | 79.00 | OK |
Version: 1.2.1
Check: Rd cross-references
Result: NOTE
Undeclared packages ‘sfsmisc’, ‘mnormt’ in Rd xrefs
Flavor: r-devel-linux-x86_64-fedora-clang