Last updated on 2025-02-10 01:48:24 CET.
Flavor | Version | Tinstall | Tcheck | Ttotal | Status | Flags |
---|---|---|---|---|---|---|
r-devel-linux-x86_64-debian-clang | 0.2.0 | 8.74 | 71.81 | 80.55 | OK | |
r-devel-linux-x86_64-debian-gcc | 0.2.0 | 6.59 | 53.60 | 60.19 | OK | |
r-devel-linux-x86_64-fedora-clang | 0.2.0 | 128.19 | NOTE | |||
r-devel-linux-x86_64-fedora-gcc | 0.2.0 | 118.60 | NOTE | |||
r-devel-windows-x86_64 | 0.2.0 | 11.00 | 87.00 | 98.00 | OK | |
r-patched-linux-x86_64 | 0.2.0 | 9.08 | 67.04 | 76.12 | NOTE | |
r-release-linux-x86_64 | 0.2.0 | 8.97 | 66.34 | 75.31 | NOTE | |
r-release-macos-arm64 | 0.2.0 | 35.00 | NOTE | |||
r-release-macos-x86_64 | 0.2.0 | 52.00 | NOTE | |||
r-release-windows-x86_64 | 0.2.0 | 11.00 | 86.00 | 97.00 | NOTE | |
r-oldrel-macos-arm64 | 0.2.0 | 39.00 | NOTE | |||
r-oldrel-macos-x86_64 | 0.2.0 | 61.00 | NOTE | |||
r-oldrel-windows-x86_64 | 0.2.0 | 14.00 | 101.00 | 115.00 | NOTE |
Version: 0.2.0
Check: dependencies in R code
Result: NOTE
Namespace in Imports field not imported from: ‘shinyjs’
All declared Imports should be used.
Flavors: r-devel-linux-x86_64-fedora-clang, r-devel-linux-x86_64-fedora-gcc
Version: 0.2.0
Check: LazyData
Result: NOTE
'LazyData' is specified without a 'data' directory
Flavors: r-patched-linux-x86_64, r-release-linux-x86_64, r-release-macos-arm64, r-release-macos-x86_64, r-release-windows-x86_64, r-oldrel-macos-arm64, r-oldrel-macos-x86_64, r-oldrel-windows-x86_64