Last updated on 2024-08-16 01:48:22 CEST.
Flavor | Version | Tinstall | Tcheck | Ttotal | Status | Flags |
---|---|---|---|---|---|---|
r-devel-linux-x86_64-debian-clang | 1.1.2 | 8.36 | 29.69 | 38.05 | NOTE | |
r-devel-linux-x86_64-debian-gcc | 1.1.2 | 6.22 | 22.48 | 28.70 | NOTE | |
r-devel-linux-x86_64-fedora-clang | 1.1.2 | 70.76 | NOTE | |||
r-devel-linux-x86_64-fedora-gcc | 1.1.2 | 63.18 | NOTE | |||
r-devel-windows-x86_64 | 1.1.2 | 13.00 | 66.00 | 79.00 | NOTE | |
r-patched-linux-x86_64 | 1.1.2 | 8.18 | 29.23 | 37.41 | NOTE | |
r-release-linux-x86_64 | 1.1.2 | 8.26 | 28.94 | 37.20 | NOTE | |
r-release-macos-arm64 | 1.1.2 | 22.00 | NOTE | |||
r-release-macos-x86_64 | 1.1.2 | 34.00 | NOTE | |||
r-release-windows-x86_64 | 1.1.2 | 14.00 | 65.00 | 79.00 | NOTE | |
r-oldrel-macos-arm64 | 1.1.2 | 23.00 | NOTE | |||
r-oldrel-macos-x86_64 | 1.1.2 | 35.00 | NOTE | |||
r-oldrel-windows-x86_64 | 1.1.2 | 14.00 | 76.00 | 90.00 | NOTE |
Version: 1.1.2
Check: C++ specification
Result: NOTE
Specified C++11: please drop specification unless essential
Flavors: r-devel-linux-x86_64-debian-clang, r-devel-linux-x86_64-debian-gcc, r-devel-linux-x86_64-fedora-clang, r-devel-linux-x86_64-fedora-gcc, r-devel-windows-x86_64, r-patched-linux-x86_64, r-release-linux-x86_64, r-release-macos-arm64, r-release-macos-x86_64, r-release-windows-x86_64, r-oldrel-macos-arm64, r-oldrel-macos-x86_64, r-oldrel-windows-x86_64
Version: 1.1.2
Check: compiled code
Result: NOTE
File ‘lobstr/libs/lobstr.so’:
Found non-API calls to R: ‘FRAME’, ‘HASHTAB’, ‘NAMED’, ‘PRCODE’,
‘PRENV’, ‘PRVALUE’, ‘Rf_findVarInFrame3’, ‘SETLENGTH’,
‘SET_GROWABLE_BIT’, ‘SET_TRUELENGTH’, ‘TRUELENGTH’
Compiled code should not call non-API entry points in R.
See ‘Writing portable packages’ in the ‘Writing R Extensions’ manual,
and section ‘Moving into C API compliance’ for issues with the use of
non-API entry points.
Flavors: r-devel-linux-x86_64-debian-clang, r-devel-linux-x86_64-debian-gcc, r-devel-linux-x86_64-fedora-clang, r-devel-linux-x86_64-fedora-gcc
Version: 1.1.2
Check: compiled code
Result: NOTE
File 'lobstr/libs/x64/lobstr.dll':
Found non-API calls to R: 'FRAME', 'HASHTAB', 'NAMED', 'PRCODE',
'PRENV', 'PRVALUE', 'Rf_findVarInFrame3', 'SETLENGTH',
'SET_GROWABLE_BIT', 'SET_TRUELENGTH', 'TRUELENGTH'
Compiled code should not call non-API entry points in R.
See 'Writing portable packages' in the 'Writing R Extensions' manual,
and section 'Moving into C API compliance' for issues with the use of
non-API entry points.
Flavor: r-devel-windows-x86_64