Last updated on 2024-08-16 01:48:22 CEST.
Flavor | Version | Tinstall | Tcheck | Ttotal | Status | Flags |
---|---|---|---|---|---|---|
r-devel-linux-x86_64-debian-clang | 0.4.3 | 2.77 | 37.00 | 39.77 | OK | |
r-devel-linux-x86_64-debian-gcc | 0.4.3 | 2.18 | 27.98 | 30.16 | OK | |
r-devel-linux-x86_64-fedora-clang | 0.4.3 | 64.10 | OK | |||
r-devel-linux-x86_64-fedora-gcc | 0.4.3 | 83.14 | OK | |||
r-devel-windows-x86_64 | 0.4.3 | 6.00 | 64.00 | 70.00 | NOTE | |
r-patched-linux-x86_64 | 0.4.3 | 2.90 | 35.41 | 38.31 | OK | |
r-release-linux-x86_64 | 0.4.3 | 2.52 | 34.94 | 37.46 | OK | |
r-release-macos-arm64 | 0.4.3 | 34.00 | OK | |||
r-release-macos-x86_64 | 0.4.3 | 56.00 | OK | |||
r-release-windows-x86_64 | 0.4.3 | 12.00 | 63.00 | 75.00 | NOTE | |
r-oldrel-macos-arm64 | 0.4.3 | 36.00 | OK | |||
r-oldrel-macos-x86_64 | 0.4.3 | 52.00 | OK | |||
r-oldrel-windows-x86_64 | 0.4.3 | 12.00 | 70.00 | 82.00 | NOTE |
Version: 0.4.3
Check: package dependencies
Result: NOTE
Package suggested but not available for checking: 'rsyslog'
Flavors: r-devel-windows-x86_64, r-release-windows-x86_64, r-oldrel-windows-x86_64