CRAN Package Check Results for Package loon.shiny

Last updated on 2025-10-22 01:51:29 CEST.

Flavor Version Tinstall Tcheck Ttotal Status Flags
r-devel-linux-x86_64-debian-clang 1.0.3 23.93 182.27 206.20 NOTE
r-devel-linux-x86_64-debian-gcc 1.0.3 17.78 133.90 151.68 NOTE
r-devel-linux-x86_64-fedora-clang 1.0.3 135.00 222.69 357.69 NOTE
r-devel-linux-x86_64-fedora-gcc 1.0.3 50.00 287.76 337.76 NOTE
r-devel-windows-x86_64 1.0.3 24.00 229.00 253.00 NOTE
r-patched-linux-x86_64 1.0.3 24.88 182.61 207.49 NOTE
r-release-linux-x86_64 1.0.3 23.24 181.83 205.07 NOTE
r-release-macos-arm64 1.0.3 22.00 149.00 171.00 NOTE
r-release-macos-x86_64 1.0.3 24.00 186.00 210.00 NOTE
r-release-windows-x86_64 1.0.3 28.00 187.00 215.00 NOTE
r-oldrel-macos-arm64 1.0.3 21.00 153.00 174.00 NOTE
r-oldrel-macos-x86_64 1.0.3 19.00 129.00 148.00 NOTE
r-oldrel-windows-x86_64 1.0.3 30.00 208.00 238.00 NOTE

Check Details

Version: 1.0.3
Check: Rd files
Result: NOTE checkRd: (-1) loon.shiny.Rd:93-102: Lost braces in \itemize; meant \describe ? checkRd: (-1) loon.shiny.Rd:95-96: Lost braces in \itemize; meant \describe ? checkRd: (-1) loon.shiny.Rd:97: Lost braces in \itemize; meant \describe ? checkRd: (-1) loon.shiny.Rd:98-100: Lost braces in \itemize; meant \describe ? checkRd: (-1) loon.shiny.Rd:103-108: Lost braces in \itemize; meant \describe ? checkRd: (-1) loon.shiny.Rd:105: Lost braces in \itemize; meant \describe ? checkRd: (-1) loon.shiny.Rd:106: Lost braces in \itemize; meant \describe ? Flavors: r-devel-linux-x86_64-debian-clang, r-devel-linux-x86_64-debian-gcc, r-devel-linux-x86_64-fedora-clang, r-devel-linux-x86_64-fedora-gcc, r-devel-windows-x86_64, r-patched-linux-x86_64, r-release-linux-x86_64, r-release-macos-arm64, r-release-macos-x86_64, r-release-windows-x86_64, r-oldrel-macos-arm64, r-oldrel-macos-x86_64, r-oldrel-windows-x86_64

Version: 1.0.3
Check: Rd cross-references
Result: NOTE Found the following Rd file(s) with Rd \link{} targets missing package anchors: loon.shiny.Rd: ggplot2loon, grid.arrange, shinyApp, runApp shiny.loon-deprecated.Rd: ggplot2loon, grid.arrange, shinyApp Please provide package anchors for all Rd \link{} targets not in the package itself and the base packages. Flavors: r-devel-linux-x86_64-debian-clang, r-devel-linux-x86_64-debian-gcc, r-devel-windows-x86_64, r-patched-linux-x86_64, r-release-linux-x86_64, r-release-windows-x86_64

Version: 1.0.3
Check: HTML version of manual
Result: NOTE Found the following HTML validation problems: shiny.loon-deprecated.html:143:1 (shiny.loon-deprecated.Rd:73): Warning: missing </ul> before </div> Flavors: r-devel-linux-x86_64-debian-clang, r-devel-linux-x86_64-debian-gcc